{"version":"1.0","provider_name":"","provider_url":"https:\/\/www.youthforequality.sk","title":"Youth goals, Varna Bulgaria ( 28 May- 3 June) |","type":"rich","width":600,"height":338,"html":"<blockquote class=\"wp-embedded-content\" data-secret=\"60t9qkBlfk\"><a href=\"https:\/\/www.youthforequality.sk\/index.php\/2023\/06\/28\/youth-goals-varna-bulgaria-28-may-3-june\/\">Youth goals, Varna Bulgaria ( 28 May- 3 June)<\/a><\/blockquote><iframe sandbox=\"allow-scripts\" security=\"restricted\" src=\"https:\/\/www.youthforequality.sk\/index.php\/2023\/06\/28\/youth-goals-varna-bulgaria-28-may-3-june\/embed\/#?secret=60t9qkBlfk\" width=\"600\" height=\"338\" title=\"&#8220;Youth goals, Varna Bulgaria ( 28 May- 3 June)&#8221; &#8212; \" data-secret=\"60t9qkBlfk\" frameborder=\"0\" marginwidth=\"0\" marginheight=\"0\" scrolling=\"no\" class=\"wp-embedded-content\"><\/iframe><script>\n\/*! This file is auto-generated *\/\n!function(d,l){\"use strict\";l.querySelector&&d.addEventListener&&\"undefined\"!=typeof URL&&(d.wp=d.wp||{},d.wp.receiveEmbedMessage||(d.wp.receiveEmbedMessage=function(e){var t=e.data;if((t||t.secret||t.message||t.value)&&!\/[^a-zA-Z0-9]\/.test(t.secret)){for(var s,r,n,a=l.querySelectorAll('iframe[data-secret=\"'+t.secret+'\"]'),o=l.querySelectorAll('blockquote[data-secret=\"'+t.secret+'\"]'),c=new RegExp(\"^https?:$\",\"i\"),i=0;i<o.length;i++)o[i].style.display=\"none\";for(i=0;i<a.length;i++)s=a[i],e.source===s.contentWindow&&(s.removeAttribute(\"style\"),\"height\"===t.message?(1e3<(r=parseInt(t.value,10))?r=1e3:~~r<200&&(r=200),s.height=r):\"link\"===t.message&&(r=new URL(s.getAttribute(\"src\")),n=new URL(t.value),c.test(n.protocol))&&n.host===r.host&&l.activeElement===s&&(d.top.location.href=t.value))}},d.addEventListener(\"message\",d.wp.receiveEmbedMessage,!1),l.addEventListener(\"DOMContentLoaded\",function(){for(var e,t,s=l.querySelectorAll(\"iframe.wp-embedded-content\"),r=0;r<s.length;r++)(t=(e=s[r]).getAttribute(\"data-secret\"))||(t=Math.random().toString(36).substring(2,12),e.src+=\"#?secret=\"+t,e.setAttribute(\"data-secret\",t)),e.contentWindow.postMessage({message:\"ready\",secret:t},\"*\")},!1)))}(window,document);\n\/\/# sourceURL=https:\/\/www.youthforequality.sk\/wp-includes\/js\/wp-embed.min.js\n<\/script>\n","thumbnail_url":"https:\/\/www.youthforequality.sk\/wp-content\/uploads\/2023\/06\/a7332003-3ce1-4248-9bef-ecc208e8d274.jpg","thumbnail_width":768,"thumbnail_height":1024,"description":"This project is aimed at people who are interested in discussing the European project and its future. At the same time, it will provide participants with an overview of five youth goals, for example: diversity, human rights and inclusion of young people in society. He also helped us better understand youth policy, their transition to&hellip;&nbsp;\u010c\u00edta\u0165 viac &raquo;"}

This project is aimed at people who are interested in discussing the European project and its future. At the same time, it will provide participants with an overview of five youth goals, for example: diversity, human rights and inclusion of young people in society. He also helped us better understand youth policy, their transition to&hellip;&nbsp;Čítať viac &raquo;
