{"version":"1.0","provider_name":"","provider_url":"https:\/\/www.youthforequality.sk","title":"ESC: European Mobility Week 2025 |","type":"rich","width":600,"height":338,"html":"<blockquote class=\"wp-embedded-content\" data-secret=\"n4i41AZqIi\"><a href=\"https:\/\/www.youthforequality.sk\/index.php\/2025\/09\/26\/esc-european-mobility-week-2025\/\">ESC: European Mobility Week 2025<\/a><\/blockquote><iframe sandbox=\"allow-scripts\" security=\"restricted\" src=\"https:\/\/www.youthforequality.sk\/index.php\/2025\/09\/26\/esc-european-mobility-week-2025\/embed\/#?secret=n4i41AZqIi\" width=\"600\" height=\"338\" title=\"&#8220;ESC: European Mobility Week 2025&#8221; &#8212; \" data-secret=\"n4i41AZqIi\" frameborder=\"0\" marginwidth=\"0\" marginheight=\"0\" scrolling=\"no\" class=\"wp-embedded-content\"><\/iframe><script>\n\/*! This file is auto-generated *\/\n!function(d,l){\"use strict\";l.querySelector&&d.addEventListener&&\"undefined\"!=typeof URL&&(d.wp=d.wp||{},d.wp.receiveEmbedMessage||(d.wp.receiveEmbedMessage=function(e){var t=e.data;if((t||t.secret||t.message||t.value)&&!\/[^a-zA-Z0-9]\/.test(t.secret)){for(var s,r,n,a=l.querySelectorAll('iframe[data-secret=\"'+t.secret+'\"]'),o=l.querySelectorAll('blockquote[data-secret=\"'+t.secret+'\"]'),c=new RegExp(\"^https?:$\",\"i\"),i=0;i<o.length;i++)o[i].style.display=\"none\";for(i=0;i<a.length;i++)s=a[i],e.source===s.contentWindow&&(s.removeAttribute(\"style\"),\"height\"===t.message?(1e3<(r=parseInt(t.value,10))?r=1e3:~~r<200&&(r=200),s.height=r):\"link\"===t.message&&(r=new URL(s.getAttribute(\"src\")),n=new URL(t.value),c.test(n.protocol))&&n.host===r.host&&l.activeElement===s&&(d.top.location.href=t.value))}},d.addEventListener(\"message\",d.wp.receiveEmbedMessage,!1),l.addEventListener(\"DOMContentLoaded\",function(){for(var e,t,s=l.querySelectorAll(\"iframe.wp-embedded-content\"),r=0;r<s.length;r++)(t=(e=s[r]).getAttribute(\"data-secret\"))||(t=Math.random().toString(36).substring(2,12),e.src+=\"#?secret=\"+t,e.setAttribute(\"data-secret\",t)),e.contentWindow.postMessage({message:\"ready\",secret:t},\"*\")},!1)))}(window,document);\n\/\/# sourceURL=https:\/\/www.youthforequality.sk\/wp-includes\/js\/wp-embed.min.js\n<\/script>\n","thumbnail_url":"https:\/\/www.youthforequality.sk\/wp-content\/uploads\/2025\/07\/IMG_0307-scaled.jpg","thumbnail_width":2560,"thumbnail_height":1920,"description":"In September, our team of international volunteers joined us\u00a0for a three-week team volunteering project full of learning, creativity and community spirit. Together, we supported local initiatives, organized cultural activities, and took part in the city\u2019s European Mobility Week, promoting sustainable urban mobility and community engagement. \u00a0 This experience brought together people from different backgrounds to&hellip;&nbsp;\u010c\u00edta\u0165 viac &raquo;"}

In September, our team of international volunteers joined us for a three-week team volunteering project full of learning, creativity and community spirit. Together, we supported local initiatives, organized cultural activities, and took part in the city’s European Mobility Week, promoting sustainable urban mobility and community engagement.   This experience brought together people from different backgrounds to&hellip;&nbsp;Čítať viac &raquo;
