{"id":10013,"date":"2025-11-06T09:30:32","date_gmt":"2025-11-06T08:30:32","guid":{"rendered":"https:\/\/www.youthforequality.sk\/?page_id=10013"},"modified":"2025-11-06T09:46:50","modified_gmt":"2025-11-06T08:46:50","slug":"predosle-strategicke-partnerstva","status":"publish","type":"page","link":"https:\/\/www.youthforequality.sk\/index.php\/activitiy\/strategickepartnerstva\/predosle-strategicke-partnerstva\/","title":{"rendered":"Predo\u0161l\u00e9 Strategick\u00e9 partnerstv\u00e1"},"content":{"rendered":"\t\t<div data-elementor-type=\"wp-page\" data-elementor-id=\"10013\" class=\"elementor elementor-10013\">\n\t\t\t\t\t\t<section class=\"elementor-section elementor-top-section elementor-element elementor-element-14bf58c elementor-section-boxed elementor-section-height-default elementor-section-height-default\" data-id=\"14bf58c\" data-element_type=\"section\" data-e-type=\"section\">\n\t\t\t\t\t\t<div class=\"elementor-container elementor-column-gap-default\">\n\t\t\t\t\t<div class=\"elementor-column elementor-col-100 elementor-top-column elementor-element elementor-element-802f6e6\" data-id=\"802f6e6\" data-element_type=\"column\" data-e-type=\"column\">\n\t\t\t<div class=\"elementor-widget-wrap elementor-element-populated\">\n\t\t\t\t\t\t<div class=\"elementor-element elementor-element-48ca1fb elementor-widget elementor-widget-heading\" data-id=\"48ca1fb\" data-element_type=\"widget\" data-e-type=\"widget\" data-widget_type=\"heading.default\">\n\t\t\t\t<div class=\"elementor-widget-container\">\n\t\t\t\t\t<h1 class=\"elementor-heading-title elementor-size-default\">Aj toto sme u\u017e zorganizovali<\/h1>\t\t\t\t<\/div>\n\t\t\t\t<\/div>\n\t\t\t\t\t<\/div>\n\t\t<\/div>\n\t\t\t\t\t<\/div>\n\t\t<\/section>\n\t\t\t\t<section class=\"elementor-section elementor-top-section elementor-element elementor-element-5b40604 elementor-section-boxed elementor-section-height-default elementor-section-height-default\" data-id=\"5b40604\" data-element_type=\"section\" data-e-type=\"section\">\n\t\t\t\t\t\t<div class=\"elementor-container elementor-column-gap-default\">\n\t\t\t\t\t<div class=\"elementor-column elementor-col-100 elementor-top-column elementor-element elementor-element-08f198e\" data-id=\"08f198e\" data-element_type=\"column\" data-e-type=\"column\">\n\t\t\t<div class=\"elementor-widget-wrap elementor-element-populated\">\n\t\t\t\t\t\t<div class=\"elementor-element elementor-element-d914eb1 elementor-widget elementor-widget-spacer\" data-id=\"d914eb1\" data-element_type=\"widget\" data-e-type=\"widget\" data-widget_type=\"spacer.default\">\n\t\t\t\t<div class=\"elementor-widget-container\">\n\t\t\t\t\t\t\t<div class=\"elementor-spacer\">\n\t\t\t<div class=\"elementor-spacer-inner\"><\/div>\n\t\t<\/div>\n\t\t\t\t\t\t<\/div>\n\t\t\t\t<\/div>\n\t\t\t\t\t<\/div>\n\t\t<\/div>\n\t\t\t\t\t<\/div>\n\t\t<\/section>\n\t\t\t\t<section class=\"elementor-section elementor-top-section elementor-element elementor-element-5c72180c elementor-section-boxed elementor-section-height-default elementor-section-height-default\" data-id=\"5c72180c\" data-element_type=\"section\" data-e-type=\"section\" data-settings=\"{&quot;background_background&quot;:&quot;classic&quot;}\">\n\t\t\t\t\t\t<div class=\"elementor-container elementor-column-gap-default\">\n\t\t\t\t\t<div class=\"elementor-column elementor-col-100 elementor-top-column elementor-element elementor-element-7f7182f2\" data-id=\"7f7182f2\" data-element_type=\"column\" data-e-type=\"column\">\n\t\t\t<div class=\"elementor-widget-wrap elementor-element-populated\">\n\t\t\t\t\t\t<div class=\"elementor-element elementor-element-2920f557 elementor-grid-eael-col-3 elementor-grid-tablet-eael-col-2 elementor-grid-mobile-eael-col-1 elementor-widget elementor-widget-eael-post-grid\" data-id=\"2920f557\" data-element_type=\"widget\" data-e-type=\"widget\" data-settings=\"{&quot;eael_post_grid_columns&quot;:&quot;eael-col-3&quot;,&quot;eael_post_grid_columns_tablet&quot;:&quot;eael-col-2&quot;,&quot;eael_post_grid_columns_mobile&quot;:&quot;eael-col-1&quot;}\" data-widget_type=\"eael-post-grid.default\">\n\t\t\t\t<div class=\"elementor-widget-container\">\n\t\t\t\t\t<div id=\"eael-post-grid-2920f557\" class=\"eael-post-grid-container\">\n            <div class=\"eael-post-grid eael-post-appender eael-post-appender-2920f557 eael-post-grid-style-two\" data-layout-mode=\"masonry\"><article class=\"eael-grid-post  eael-post-grid-column eael-pg-post-6697 category-https-www-youthforequality-sk-index-php-activitiy-strategickepartnerstva-predosle-strategicke-partnerstva\" data-id=\"6697\">\n    <div class=\"eael-grid-post-holder\">\n        <div class=\"eael-grid-post-holder-inner\"><div class=\"eael-entry-media\"><div class=\"eael-entry-overlay fade-in\"><i class=\"\" aria-hidden=\"true\"><\/i><a href=\"https:\/\/www.youthforequality.sk\/index.php\/2024\/03\/06\/smart-city-2\/\"><\/a><\/div><div class=\"eael-entry-thumbnail \">\n                            <img fetchpriority=\"high\" decoding=\"async\" width=\"903\" height=\"901\" src=\"https:\/\/www.youthforequality.sk\/wp-content\/uploads\/2024\/03\/Screenshot-2024-03-08-142607.png\" class=\"attachment-large size-large wp-image-6771\" alt=\"\" srcset=\"https:\/\/www.youthforequality.sk\/wp-content\/uploads\/2024\/03\/Screenshot-2024-03-08-142607.png 903w, https:\/\/www.youthforequality.sk\/wp-content\/uploads\/2024\/03\/Screenshot-2024-03-08-142607-300x300.png 300w, https:\/\/www.youthforequality.sk\/wp-content\/uploads\/2024\/03\/Screenshot-2024-03-08-142607-150x150.png 150w, https:\/\/www.youthforequality.sk\/wp-content\/uploads\/2024\/03\/Screenshot-2024-03-08-142607-768x766.png 768w\" sizes=\"(max-width: 903px) 100vw, 903px\" \/>\n                            <\/div>\n                    <\/div><div class=\"eael-entry-wrapper\"><header class=\"eael-entry-header\"><h2 class=\"eael-entry-title\"><a class=\"eael-grid-post-link\" href=\"https:\/\/www.youthforequality.sk\/index.php\/2024\/03\/06\/smart-city-2\/\" title=\"Smart City Game\">Smart City Game<\/a><\/h2><\/header><div class=\"eael-entry-content\">\n                                <div class=\"eael-grid-post-excerpt\"><p>Hra \u201eSmart City\u201c predstavuje svet mestskej strat\u00e9gie, ktor\u00e1 sp\u00e1ja prvky urbanistick\u00e9ho pl\u00e1novania s filozofiou inteligentn\u00fdch miest. Cie\u013eom hry je premeni\u0165...<\/p><a href=\"https:\/\/www.youthforequality.sk\/index.php\/2024\/03\/06\/smart-city-2\/\" class=\"eael-post-elements-readmore-btn\">\u010c\u00edtaj viac<\/a><\/div>\n                            <\/div><div class=\"eael-entry-header-after style-two\"><div class=\"eael-entry-meta\"><span class=\"eael-meta-posted-on\"><i class=\"far fa-clock\"><\/i><time datetime=\"6. marca 2024\">6. marca 2024<\/time><\/span><\/div><\/div><\/div><\/div>\n    <\/div>\n<\/article><article class=\"eael-grid-post  eael-post-grid-column eael-pg-post-6384 category-https-www-youthforequality-sk-index-php-activitiy-strategickepartnerstva-predosle-strategicke-partnerstva\" data-id=\"6384\">\n    <div class=\"eael-grid-post-holder\">\n        <div class=\"eael-grid-post-holder-inner\"><div class=\"eael-entry-media\"><div class=\"eael-entry-overlay fade-in\"><i class=\"\" aria-hidden=\"true\"><\/i><a href=\"https:\/\/www.youthforequality.sk\/index.php\/2024\/01\/09\/believe-in-youth\/\"><\/a><\/div><div class=\"eael-entry-thumbnail \">\n                            <img decoding=\"async\" width=\"1024\" height=\"724\" src=\"https:\/\/www.youthforequality.sk\/wp-content\/uploads\/2024\/01\/TPM-info-pack-Believe-in-Youth--1024x724.jpg\" class=\"attachment-large size-large wp-image-6386\" alt=\"\" srcset=\"https:\/\/www.youthforequality.sk\/wp-content\/uploads\/2024\/01\/TPM-info-pack-Believe-in-Youth--1024x724.jpg 1024w, https:\/\/www.youthforequality.sk\/wp-content\/uploads\/2024\/01\/TPM-info-pack-Believe-in-Youth--300x212.jpg 300w, https:\/\/www.youthforequality.sk\/wp-content\/uploads\/2024\/01\/TPM-info-pack-Believe-in-Youth--768x543.jpg 768w, https:\/\/www.youthforequality.sk\/wp-content\/uploads\/2024\/01\/TPM-info-pack-Believe-in-Youth--1536x1086.jpg 1536w, https:\/\/www.youthforequality.sk\/wp-content\/uploads\/2024\/01\/TPM-info-pack-Believe-in-Youth-.jpg 2000w\" sizes=\"(max-width: 1024px) 100vw, 1024px\" \/>\n                            <\/div>\n                    <\/div><div class=\"eael-entry-wrapper\"><header class=\"eael-entry-header\"><h2 class=\"eael-entry-title\"><a class=\"eael-grid-post-link\" href=\"https:\/\/www.youthforequality.sk\/index.php\/2024\/01\/09\/believe-in-youth\/\" title=\"Believe in Youth\">Believe in Youth<\/a><\/h2><\/header><div class=\"eael-entry-content\">\n                                <div class=\"eael-grid-post-excerpt\"><p>Pom\u00e1hame mlad\u00fdm \u013eu\u010fom veri\u0165 v seba a svoju bud\u00facnos\u0165 Projekt Believe in YOUth je realizovan\u00fd v r\u00e1mci programu Erasmus+ Youth...<\/p><a href=\"https:\/\/www.youthforequality.sk\/index.php\/2024\/01\/09\/believe-in-youth\/\" class=\"eael-post-elements-readmore-btn\">\u010c\u00edtaj viac<\/a><\/div>\n                            <\/div><div class=\"eael-entry-header-after style-two\"><div class=\"eael-entry-meta\"><span class=\"eael-meta-posted-on\"><i class=\"far fa-clock\"><\/i><time datetime=\"9. janu\u00e1ra 2024\">9. janu\u00e1ra 2024<\/time><\/span><\/div><\/div><\/div><\/div>\n    <\/div>\n<\/article><article class=\"eael-grid-post  eael-post-grid-column eael-pg-post-5674 category-https-www-youthforequality-sk-index-php-activitiy-strategickepartnerstva-predosle-strategicke-partnerstva\" data-id=\"5674\">\n    <div class=\"eael-grid-post-holder\">\n        <div class=\"eael-grid-post-holder-inner\"><div class=\"eael-entry-media\"><div class=\"eael-entry-overlay fade-in\"><i class=\"\" aria-hidden=\"true\"><\/i><a href=\"https:\/\/www.youthforequality.sk\/index.php\/2023\/10\/10\/smart-city\/\"><\/a><\/div><div class=\"eael-entry-thumbnail \">\n                            <img decoding=\"async\" width=\"840\" height=\"560\" src=\"https:\/\/www.youthforequality.sk\/wp-content\/uploads\/2023\/10\/digitization-4705450_640.jpg\" class=\"attachment-large size-large wp-image-5676\" alt=\"\" srcset=\"https:\/\/www.youthforequality.sk\/wp-content\/uploads\/2023\/10\/digitization-4705450_640.jpg 840w, https:\/\/www.youthforequality.sk\/wp-content\/uploads\/2023\/10\/digitization-4705450_640-300x200.jpg 300w, https:\/\/www.youthforequality.sk\/wp-content\/uploads\/2023\/10\/digitization-4705450_640-768x512.jpg 768w\" sizes=\"(max-width: 840px) 100vw, 840px\" \/>\n                            <\/div>\n                    <\/div><div class=\"eael-entry-wrapper\"><header class=\"eael-entry-header\"><h2 class=\"eael-entry-title\"><a class=\"eael-grid-post-link\" href=\"https:\/\/www.youthforequality.sk\/index.php\/2023\/10\/10\/smart-city\/\" title=\"SMART CITY\">SMART CITY<\/a><\/h2><\/header><div class=\"eael-entry-content\">\n                                <div class=\"eael-grid-post-excerpt\"><p>SMART CITY \u2013 ekologick\u00e1 hra pre digit\u00e1lnu gener\u00e1ciu Projekt SMART CITY priniesol modern\u00fd vzdel\u00e1vac\u00ed n\u00e1stroj, ktor\u00fd sp\u00e1ja ekol\u00f3giu, smart technol\u00f3gie...<\/p><a href=\"https:\/\/www.youthforequality.sk\/index.php\/2023\/10\/10\/smart-city\/\" class=\"eael-post-elements-readmore-btn\">\u010c\u00edtaj viac<\/a><\/div>\n                            <\/div><div class=\"eael-entry-header-after style-two\"><div class=\"eael-entry-meta\"><span class=\"eael-meta-posted-on\"><i class=\"far fa-clock\"><\/i><time datetime=\"10. okt\u00f3bra 2023\">10. okt\u00f3bra 2023<\/time><\/span><\/div><\/div><\/div><\/div>\n    <\/div>\n<\/article><\/div>\n            <div class=\"clearfix\"><\/div>\n        <\/div>            <div class=\"eael-load-more-button-wrap\">\n                <button class=\"eael-load-more-button\" id=\"eael-load-more-btn-2920f557\" data-widget-id=\"2920f557\" data-widget=\"2920f557\" data-page-id=\"10013\" data-template=\"{&quot;dir&quot;:&quot;lite&quot;,&quot;file_name&quot;:&quot;two.php&quot;,&quot;name&quot;:&quot;Post-Grid&quot;}\" data-class=\"Essential_Addons_Elementor\\Elements\\Post_Grid\" data-layout=\"masonry\" data-page=\"1\" data-args=\"orderby=date&amp;order=desc&amp;ignore_sticky_posts=1&amp;post_status=publish&amp;posts_per_page=3&amp;offset=0&amp;post_type=post&amp;tax_query%5B0%5D%5Btaxonomy%5D=category&amp;tax_query%5B0%5D%5Bfield%5D=term_id&amp;tax_query%5B0%5D%5Bterms%5D%5B0%5D=51&amp;tax_query%5Brelation%5D=AND\" data-max-page=\"3\">\n                    <span class=\"eael-btn-loader button__loader\"><\/span>\n                    <span class=\"eael_load_more_text\">\u010eal\u0161ie \u010dl\u00e1nky<\/span>\n                <\/button>\n            <\/div>\n            \t\t\t\t<\/div>\n\t\t\t\t<\/div>\n\t\t\t\t\t<\/div>\n\t\t<\/div>\n\t\t\t\t\t<\/div>\n\t\t<\/section>\n\t\t\t\t<\/div>\n\t\t","protected":false},"excerpt":{"rendered":"<p>Aj toto sme u\u017e zorganizovali No posts found!<\/p>\n","protected":false},"author":2,"featured_media":1437,"parent":6775,"menu_order":0,"comment_status":"closed","ping_status":"closed","template":"elementor_header_footer","meta":{"_uf_show_specific_survey":0,"_uf_disable_surveys":false,"neve_meta_sidebar":"full-width","neve_meta_container":"","neve_meta_enable_content_width":"on","neve_meta_content_width":100,"neve_meta_title_alignment":"","neve_meta_author_avatar":"","neve_post_elements_order":"","neve_meta_disable_header":"","neve_meta_disable_footer":"","neve_meta_disable_title":"","_themeisle_gutenberg_block_has_review":false,"footnotes":""},"categories":[],"tags":[],"class_list":["post-10013","page","type-page","status-publish","has-post-thumbnail","hentry"],"yoast_head":"<!-- This site is optimized with the Yoast SEO plugin v27.4 - https:\/\/yoast.com\/product\/yoast-seo-wordpress\/ -->\n<title>Predo\u0161l\u00e9 Strategick\u00e9 partnerstv\u00e1 |<\/title>\n<meta name=\"robots\" content=\"index, follow, max-snippet:-1, max-image-preview:large, max-video-preview:-1\" \/>\n<link rel=\"canonical\" href=\"https:\/\/www.youthforequality.sk\/index.php\/activitiy\/strategickepartnerstva\/predosle-strategicke-partnerstva\/\" \/>\n<meta property=\"og:locale\" content=\"sk_SK\" \/>\n<meta property=\"og:type\" content=\"article\" \/>\n<meta property=\"og:title\" content=\"Predo\u0161l\u00e9 Strategick\u00e9 partnerstv\u00e1 |\" \/>\n<meta property=\"og:description\" content=\"Aj toto sme u\u017e zorganizovali No posts found!\" \/>\n<meta property=\"og:url\" content=\"https:\/\/www.youthforequality.sk\/index.php\/activitiy\/strategickepartnerstva\/predosle-strategicke-partnerstva\/\" \/>\n<meta property=\"article:publisher\" content=\"https:\/\/www.facebook.com\/yeslovakia\" \/>\n<meta property=\"article:modified_time\" content=\"2025-11-06T08:46:50+00:00\" \/>\n<meta property=\"og:image\" content=\"https:\/\/www.youthforequality.sk\/wp-content\/uploads\/2020\/06\/Homeless-2.jpg\" \/>\n\t<meta property=\"og:image:width\" content=\"960\" \/>\n\t<meta property=\"og:image:height\" content=\"720\" \/>\n\t<meta property=\"og:image:type\" content=\"image\/jpeg\" \/>\n<meta name=\"twitter:card\" content=\"summary_large_image\" \/>\n<meta name=\"twitter:label1\" content=\"Predpokladan\u00fd \u010das \u010d\u00edtania\" \/>\n\t<meta name=\"twitter:data1\" content=\"1 min\u00fata\" \/>\n<script type=\"application\/ld+json\" class=\"yoast-schema-graph\">{\"@context\":\"https:\\\/\\\/schema.org\",\"@graph\":[{\"@type\":\"WebPage\",\"@id\":\"https:\\\/\\\/www.youthforequality.sk\\\/index.php\\\/activitiy\\\/strategickepartnerstva\\\/predosle-strategicke-partnerstva\\\/\",\"url\":\"https:\\\/\\\/www.youthforequality.sk\\\/index.php\\\/activitiy\\\/strategickepartnerstva\\\/predosle-strategicke-partnerstva\\\/\",\"name\":\"Predo\u0161l\u00e9 Strategick\u00e9 partnerstv\u00e1 |\",\"isPartOf\":{\"@id\":\"https:\\\/\\\/www.youthforequality.sk\\\/#website\"},\"primaryImageOfPage\":{\"@id\":\"https:\\\/\\\/www.youthforequality.sk\\\/index.php\\\/activitiy\\\/strategickepartnerstva\\\/predosle-strategicke-partnerstva\\\/#primaryimage\"},\"image\":{\"@id\":\"https:\\\/\\\/www.youthforequality.sk\\\/index.php\\\/activitiy\\\/strategickepartnerstva\\\/predosle-strategicke-partnerstva\\\/#primaryimage\"},\"thumbnailUrl\":\"https:\\\/\\\/www.youthforequality.sk\\\/wp-content\\\/uploads\\\/2020\\\/06\\\/Homeless-2.jpg\",\"datePublished\":\"2025-11-06T08:30:32+00:00\",\"dateModified\":\"2025-11-06T08:46:50+00:00\",\"breadcrumb\":{\"@id\":\"https:\\\/\\\/www.youthforequality.sk\\\/index.php\\\/activitiy\\\/strategickepartnerstva\\\/predosle-strategicke-partnerstva\\\/#breadcrumb\"},\"inLanguage\":\"sk-SK\",\"potentialAction\":[{\"@type\":\"ReadAction\",\"target\":[\"https:\\\/\\\/www.youthforequality.sk\\\/index.php\\\/activitiy\\\/strategickepartnerstva\\\/predosle-strategicke-partnerstva\\\/\"]}]},{\"@type\":\"ImageObject\",\"inLanguage\":\"sk-SK\",\"@id\":\"https:\\\/\\\/www.youthforequality.sk\\\/index.php\\\/activitiy\\\/strategickepartnerstva\\\/predosle-strategicke-partnerstva\\\/#primaryimage\",\"url\":\"https:\\\/\\\/www.youthforequality.sk\\\/wp-content\\\/uploads\\\/2020\\\/06\\\/Homeless-2.jpg\",\"contentUrl\":\"https:\\\/\\\/www.youthforequality.sk\\\/wp-content\\\/uploads\\\/2020\\\/06\\\/Homeless-2.jpg\",\"width\":960,\"height\":720},{\"@type\":\"BreadcrumbList\",\"@id\":\"https:\\\/\\\/www.youthforequality.sk\\\/index.php\\\/activitiy\\\/strategickepartnerstva\\\/predosle-strategicke-partnerstva\\\/#breadcrumb\",\"itemListElement\":[{\"@type\":\"ListItem\",\"position\":1,\"name\":\"Home\",\"item\":\"https:\\\/\\\/www.youthforequality.sk\\\/\"},{\"@type\":\"ListItem\",\"position\":2,\"name\":\"Aktivity\",\"item\":\"https:\\\/\\\/www.youthforequality.sk\\\/index.php\\\/activitiy\\\/\"},{\"@type\":\"ListItem\",\"position\":3,\"name\":\"Strategick\u00e9 partnerstv\u00e1\",\"item\":\"https:\\\/\\\/www.youthforequality.sk\\\/index.php\\\/activitiy\\\/strategickepartnerstva\\\/\"},{\"@type\":\"ListItem\",\"position\":4,\"name\":\"Predo\u0161l\u00e9 Strategick\u00e9 partnerstv\u00e1\"}]},{\"@type\":\"WebSite\",\"@id\":\"https:\\\/\\\/www.youthforequality.sk\\\/#website\",\"url\":\"https:\\\/\\\/www.youthforequality.sk\\\/\",\"name\":\"\",\"description\":\"\",\"publisher\":{\"@id\":\"https:\\\/\\\/www.youthforequality.sk\\\/#organization\"},\"potentialAction\":[{\"@type\":\"SearchAction\",\"target\":{\"@type\":\"EntryPoint\",\"urlTemplate\":\"https:\\\/\\\/www.youthforequality.sk\\\/?s={search_term_string}\"},\"query-input\":{\"@type\":\"PropertyValueSpecification\",\"valueRequired\":true,\"valueName\":\"search_term_string\"}}],\"inLanguage\":\"sk-SK\"},{\"@type\":\"Organization\",\"@id\":\"https:\\\/\\\/www.youthforequality.sk\\\/#organization\",\"name\":\"Youth for Equality\",\"url\":\"https:\\\/\\\/www.youthforequality.sk\\\/\",\"logo\":{\"@type\":\"ImageObject\",\"inLanguage\":\"sk-SK\",\"@id\":\"https:\\\/\\\/www.youthforequality.sk\\\/#\\\/schema\\\/logo\\\/image\\\/\",\"url\":\"https:\\\/\\\/www.youthforequality.sk\\\/wp-content\\\/uploads\\\/2021\\\/01\\\/vynovene-logo-nove-farby_modra-na-web.png\",\"contentUrl\":\"https:\\\/\\\/www.youthforequality.sk\\\/wp-content\\\/uploads\\\/2021\\\/01\\\/vynovene-logo-nove-farby_modra-na-web.png\",\"width\":1,\"height\":1,\"caption\":\"Youth for Equality\"},\"image\":{\"@id\":\"https:\\\/\\\/www.youthforequality.sk\\\/#\\\/schema\\\/logo\\\/image\\\/\"},\"sameAs\":[\"https:\\\/\\\/www.facebook.com\\\/yeslovakia\"]}]}<\/script>\n<!-- \/ Yoast SEO plugin. -->","yoast_head_json":{"title":"Predo\u0161l\u00e9 Strategick\u00e9 partnerstv\u00e1 |","robots":{"index":"index","follow":"follow","max-snippet":"max-snippet:-1","max-image-preview":"max-image-preview:large","max-video-preview":"max-video-preview:-1"},"canonical":"https:\/\/www.youthforequality.sk\/index.php\/activitiy\/strategickepartnerstva\/predosle-strategicke-partnerstva\/","og_locale":"sk_SK","og_type":"article","og_title":"Predo\u0161l\u00e9 Strategick\u00e9 partnerstv\u00e1 |","og_description":"Aj toto sme u\u017e zorganizovali No posts found!","og_url":"https:\/\/www.youthforequality.sk\/index.php\/activitiy\/strategickepartnerstva\/predosle-strategicke-partnerstva\/","article_publisher":"https:\/\/www.facebook.com\/yeslovakia","article_modified_time":"2025-11-06T08:46:50+00:00","og_image":[{"width":960,"height":720,"url":"https:\/\/www.youthforequality.sk\/wp-content\/uploads\/2020\/06\/Homeless-2.jpg","type":"image\/jpeg"}],"twitter_card":"summary_large_image","twitter_misc":{"Predpokladan\u00fd \u010das \u010d\u00edtania":"1 min\u00fata"},"schema":{"@context":"https:\/\/schema.org","@graph":[{"@type":"WebPage","@id":"https:\/\/www.youthforequality.sk\/index.php\/activitiy\/strategickepartnerstva\/predosle-strategicke-partnerstva\/","url":"https:\/\/www.youthforequality.sk\/index.php\/activitiy\/strategickepartnerstva\/predosle-strategicke-partnerstva\/","name":"Predo\u0161l\u00e9 Strategick\u00e9 partnerstv\u00e1 |","isPartOf":{"@id":"https:\/\/www.youthforequality.sk\/#website"},"primaryImageOfPage":{"@id":"https:\/\/www.youthforequality.sk\/index.php\/activitiy\/strategickepartnerstva\/predosle-strategicke-partnerstva\/#primaryimage"},"image":{"@id":"https:\/\/www.youthforequality.sk\/index.php\/activitiy\/strategickepartnerstva\/predosle-strategicke-partnerstva\/#primaryimage"},"thumbnailUrl":"https:\/\/www.youthforequality.sk\/wp-content\/uploads\/2020\/06\/Homeless-2.jpg","datePublished":"2025-11-06T08:30:32+00:00","dateModified":"2025-11-06T08:46:50+00:00","breadcrumb":{"@id":"https:\/\/www.youthforequality.sk\/index.php\/activitiy\/strategickepartnerstva\/predosle-strategicke-partnerstva\/#breadcrumb"},"inLanguage":"sk-SK","potentialAction":[{"@type":"ReadAction","target":["https:\/\/www.youthforequality.sk\/index.php\/activitiy\/strategickepartnerstva\/predosle-strategicke-partnerstva\/"]}]},{"@type":"ImageObject","inLanguage":"sk-SK","@id":"https:\/\/www.youthforequality.sk\/index.php\/activitiy\/strategickepartnerstva\/predosle-strategicke-partnerstva\/#primaryimage","url":"https:\/\/www.youthforequality.sk\/wp-content\/uploads\/2020\/06\/Homeless-2.jpg","contentUrl":"https:\/\/www.youthforequality.sk\/wp-content\/uploads\/2020\/06\/Homeless-2.jpg","width":960,"height":720},{"@type":"BreadcrumbList","@id":"https:\/\/www.youthforequality.sk\/index.php\/activitiy\/strategickepartnerstva\/predosle-strategicke-partnerstva\/#breadcrumb","itemListElement":[{"@type":"ListItem","position":1,"name":"Home","item":"https:\/\/www.youthforequality.sk\/"},{"@type":"ListItem","position":2,"name":"Aktivity","item":"https:\/\/www.youthforequality.sk\/index.php\/activitiy\/"},{"@type":"ListItem","position":3,"name":"Strategick\u00e9 partnerstv\u00e1","item":"https:\/\/www.youthforequality.sk\/index.php\/activitiy\/strategickepartnerstva\/"},{"@type":"ListItem","position":4,"name":"Predo\u0161l\u00e9 Strategick\u00e9 partnerstv\u00e1"}]},{"@type":"WebSite","@id":"https:\/\/www.youthforequality.sk\/#website","url":"https:\/\/www.youthforequality.sk\/","name":"","description":"","publisher":{"@id":"https:\/\/www.youthforequality.sk\/#organization"},"potentialAction":[{"@type":"SearchAction","target":{"@type":"EntryPoint","urlTemplate":"https:\/\/www.youthforequality.sk\/?s={search_term_string}"},"query-input":{"@type":"PropertyValueSpecification","valueRequired":true,"valueName":"search_term_string"}}],"inLanguage":"sk-SK"},{"@type":"Organization","@id":"https:\/\/www.youthforequality.sk\/#organization","name":"Youth for Equality","url":"https:\/\/www.youthforequality.sk\/","logo":{"@type":"ImageObject","inLanguage":"sk-SK","@id":"https:\/\/www.youthforequality.sk\/#\/schema\/logo\/image\/","url":"https:\/\/www.youthforequality.sk\/wp-content\/uploads\/2021\/01\/vynovene-logo-nove-farby_modra-na-web.png","contentUrl":"https:\/\/www.youthforequality.sk\/wp-content\/uploads\/2021\/01\/vynovene-logo-nove-farby_modra-na-web.png","width":1,"height":1,"caption":"Youth for Equality"},"image":{"@id":"https:\/\/www.youthforequality.sk\/#\/schema\/logo\/image\/"},"sameAs":["https:\/\/www.facebook.com\/yeslovakia"]}]}},"_links":{"self":[{"href":"https:\/\/www.youthforequality.sk\/index.php\/wp-json\/wp\/v2\/pages\/10013","targetHints":{"allow":["GET"]}}],"collection":[{"href":"https:\/\/www.youthforequality.sk\/index.php\/wp-json\/wp\/v2\/pages"}],"about":[{"href":"https:\/\/www.youthforequality.sk\/index.php\/wp-json\/wp\/v2\/types\/page"}],"author":[{"embeddable":true,"href":"https:\/\/www.youthforequality.sk\/index.php\/wp-json\/wp\/v2\/users\/2"}],"replies":[{"embeddable":true,"href":"https:\/\/www.youthforequality.sk\/index.php\/wp-json\/wp\/v2\/comments?post=10013"}],"version-history":[{"count":4,"href":"https:\/\/www.youthforequality.sk\/index.php\/wp-json\/wp\/v2\/pages\/10013\/revisions"}],"predecessor-version":[{"id":10027,"href":"https:\/\/www.youthforequality.sk\/index.php\/wp-json\/wp\/v2\/pages\/10013\/revisions\/10027"}],"up":[{"embeddable":true,"href":"https:\/\/www.youthforequality.sk\/index.php\/wp-json\/wp\/v2\/pages\/6775"}],"wp:featuredmedia":[{"embeddable":true,"href":"https:\/\/www.youthforequality.sk\/index.php\/wp-json\/wp\/v2\/media\/1437"}],"wp:attachment":[{"href":"https:\/\/www.youthforequality.sk\/index.php\/wp-json\/wp\/v2\/media?parent=10013"}],"wp:term":[{"taxonomy":"category","embeddable":true,"href":"https:\/\/www.youthforequality.sk\/index.php\/wp-json\/wp\/v2\/categories?post=10013"},{"taxonomy":"post_tag","embeddable":true,"href":"https:\/\/www.youthforequality.sk\/index.php\/wp-json\/wp\/v2\/tags?post=10013"}],"curies":[{"name":"wp","href":"https:\/\/api.w.org\/{rel}","templated":true}]}}