{"id":10302,"date":"2025-11-17T15:13:13","date_gmt":"2025-11-17T14:13:13","guid":{"rendered":"https:\/\/www.youthforequality.sk\/?page_id=10302"},"modified":"2025-11-17T15:14:11","modified_gmt":"2025-11-17T14:14:11","slug":"predosle-miestne-projekty","status":"publish","type":"page","link":"https:\/\/www.youthforequality.sk\/index.php\/miestne-projekty\/predosle-miestne-projekty\/","title":{"rendered":"Predo\u0161l\u00e9 miestne-projekty"},"content":{"rendered":"\t\t<div data-elementor-type=\"wp-page\" data-elementor-id=\"10302\" class=\"elementor elementor-10302\">\n\t\t\t\t\t\t<section class=\"elementor-section elementor-top-section elementor-element elementor-element-14bf58c elementor-section-boxed elementor-section-height-default elementor-section-height-default\" data-id=\"14bf58c\" data-element_type=\"section\" data-e-type=\"section\">\n\t\t\t\t\t\t<div class=\"elementor-container elementor-column-gap-default\">\n\t\t\t\t\t<div class=\"elementor-column elementor-col-100 elementor-top-column elementor-element elementor-element-802f6e6\" data-id=\"802f6e6\" data-element_type=\"column\" data-e-type=\"column\">\n\t\t\t<div class=\"elementor-widget-wrap elementor-element-populated\">\n\t\t\t\t\t\t<div class=\"elementor-element elementor-element-48ca1fb elementor-widget elementor-widget-heading\" data-id=\"48ca1fb\" data-element_type=\"widget\" data-e-type=\"widget\" data-widget_type=\"heading.default\">\n\t\t\t\t<div class=\"elementor-widget-container\">\n\t\t\t\t\t<h1 class=\"elementor-heading-title elementor-size-default\">Aj toto sme u\u017e zorganizovali<\/h1>\t\t\t\t<\/div>\n\t\t\t\t<\/div>\n\t\t\t\t\t<\/div>\n\t\t<\/div>\n\t\t\t\t\t<\/div>\n\t\t<\/section>\n\t\t\t\t<section class=\"elementor-section elementor-top-section elementor-element elementor-element-5b40604 elementor-section-boxed elementor-section-height-default elementor-section-height-default\" data-id=\"5b40604\" data-element_type=\"section\" data-e-type=\"section\">\n\t\t\t\t\t\t<div class=\"elementor-container elementor-column-gap-default\">\n\t\t\t\t\t<div class=\"elementor-column elementor-col-100 elementor-top-column elementor-element elementor-element-08f198e\" data-id=\"08f198e\" data-element_type=\"column\" data-e-type=\"column\">\n\t\t\t<div class=\"elementor-widget-wrap elementor-element-populated\">\n\t\t\t\t\t\t<div class=\"elementor-element elementor-element-d914eb1 elementor-widget elementor-widget-spacer\" data-id=\"d914eb1\" data-element_type=\"widget\" data-e-type=\"widget\" data-widget_type=\"spacer.default\">\n\t\t\t\t<div class=\"elementor-widget-container\">\n\t\t\t\t\t\t\t<div class=\"elementor-spacer\">\n\t\t\t<div class=\"elementor-spacer-inner\"><\/div>\n\t\t<\/div>\n\t\t\t\t\t\t<\/div>\n\t\t\t\t<\/div>\n\t\t\t\t\t<\/div>\n\t\t<\/div>\n\t\t\t\t\t<\/div>\n\t\t<\/section>\n\t\t\t\t<section class=\"elementor-section elementor-top-section elementor-element elementor-element-5c72180c elementor-section-boxed elementor-section-height-default elementor-section-height-default\" data-id=\"5c72180c\" data-element_type=\"section\" data-e-type=\"section\" data-settings=\"{&quot;background_background&quot;:&quot;classic&quot;}\">\n\t\t\t\t\t\t<div class=\"elementor-container elementor-column-gap-default\">\n\t\t\t\t\t<div class=\"elementor-column elementor-col-100 elementor-top-column elementor-element elementor-element-7f7182f2\" data-id=\"7f7182f2\" data-element_type=\"column\" data-e-type=\"column\">\n\t\t\t<div class=\"elementor-widget-wrap elementor-element-populated\">\n\t\t\t\t\t\t<div class=\"elementor-element elementor-element-2920f557 elementor-grid-eael-col-3 elementor-grid-tablet-eael-col-2 elementor-grid-mobile-eael-col-1 elementor-widget elementor-widget-eael-post-grid\" data-id=\"2920f557\" data-element_type=\"widget\" data-e-type=\"widget\" data-settings=\"{&quot;eael_post_grid_columns&quot;:&quot;eael-col-3&quot;,&quot;eael_post_grid_columns_tablet&quot;:&quot;eael-col-2&quot;,&quot;eael_post_grid_columns_mobile&quot;:&quot;eael-col-1&quot;}\" data-widget_type=\"eael-post-grid.default\">\n\t\t\t\t<div class=\"elementor-widget-container\">\n\t\t\t\t\t<div id=\"eael-post-grid-2920f557\" class=\"eael-post-grid-container\">\n            <div class=\"eael-post-grid eael-post-appender eael-post-appender-2920f557 eael-post-grid-style-two\" data-layout-mode=\"masonry\"><article class=\"eael-grid-post  eael-post-grid-column eael-pg-post-5912 category-miestne-projekty-predosle\" data-id=\"5912\">\n    <div class=\"eael-grid-post-holder\">\n        <div class=\"eael-grid-post-holder-inner\"><div class=\"eael-entry-media\"><div class=\"eael-entry-overlay fade-in\"><i class=\"\" aria-hidden=\"true\"><\/i><a href=\"https:\/\/www.youthforequality.sk\/index.php\/2023\/11\/09\/ziva-zahrada-life-garden\/\"><\/a><\/div><div class=\"eael-entry-thumbnail \">\n                            <img fetchpriority=\"high\" decoding=\"async\" width=\"1024\" height=\"711\" src=\"https:\/\/www.youthforequality.sk\/wp-content\/uploads\/2023\/11\/ziva-zahrada-1024x711.png\" class=\"attachment-large size-large wp-image-5922\" alt=\"\" srcset=\"https:\/\/www.youthforequality.sk\/wp-content\/uploads\/2023\/11\/ziva-zahrada-1024x711.png 1024w, https:\/\/www.youthforequality.sk\/wp-content\/uploads\/2023\/11\/ziva-zahrada-300x208.png 300w, https:\/\/www.youthforequality.sk\/wp-content\/uploads\/2023\/11\/ziva-zahrada-768x533.png 768w, https:\/\/www.youthforequality.sk\/wp-content\/uploads\/2023\/11\/ziva-zahrada-1536x1067.png 1536w, https:\/\/www.youthforequality.sk\/wp-content\/uploads\/2023\/11\/ziva-zahrada.png 1826w\" sizes=\"(max-width: 1024px) 100vw, 1024px\" \/>\n                            <\/div>\n                    <\/div><div class=\"eael-entry-wrapper\"><header class=\"eael-entry-header\"><h2 class=\"eael-entry-title\"><a class=\"eael-grid-post-link\" href=\"https:\/\/www.youthforequality.sk\/index.php\/2023\/11\/09\/ziva-zahrada-life-garden\/\" title=\"\u017div\u00e1 z\u00e1hrada \/ Life garden\">\u017div\u00e1 z\u00e1hrada \/ Life garden<\/a><\/h2><\/header><div class=\"eael-entry-content\">\n                                <div class=\"eael-grid-post-excerpt\"><p>S naliehavos\u0165ou klimatick\u00fdch zmien, ako aj so zaveden\u00edm programu trvalo udr\u017eate\u013en\u00e9ho rozvoja, sa do popredia pozornosti dostala potreba vytvorenia hlb\u0161ieho...<\/p><a href=\"https:\/\/www.youthforequality.sk\/index.php\/2023\/11\/09\/ziva-zahrada-life-garden\/\" class=\"eael-post-elements-readmore-btn\">\u010c\u00edtaj viac<\/a><\/div>\n                            <\/div><div class=\"eael-entry-header-after style-two\"><div class=\"eael-entry-meta\"><span class=\"eael-meta-posted-on\"><i class=\"far fa-clock\"><\/i><time datetime=\"9. novembra 2023\">9. novembra 2023<\/time><\/span><\/div><\/div><\/div><\/div>\n    <\/div>\n<\/article><article class=\"eael-grid-post  eael-post-grid-column eael-pg-post-6152 category-miestne-projekty-predosle\" data-id=\"6152\">\n    <div class=\"eael-grid-post-holder\">\n        <div class=\"eael-grid-post-holder-inner\"><div class=\"eael-entry-media\"><div class=\"eael-entry-overlay fade-in\"><i class=\"\" aria-hidden=\"true\"><\/i><a href=\"https:\/\/www.youthforequality.sk\/index.php\/2023\/03\/30\/do-for-you-2\/\"><\/a><\/div><div class=\"eael-entry-thumbnail \">\n                            <img decoding=\"async\" width=\"930\" height=\"620\" src=\"https:\/\/www.youthforequality.sk\/wp-content\/uploads\/2023\/03\/352526024_209336271973535_7227351497995170828_n-930x620-1.jpg\" class=\"attachment-large size-large wp-image-6269\" alt=\"\" srcset=\"https:\/\/www.youthforequality.sk\/wp-content\/uploads\/2023\/03\/352526024_209336271973535_7227351497995170828_n-930x620-1.jpg 930w, https:\/\/www.youthforequality.sk\/wp-content\/uploads\/2023\/03\/352526024_209336271973535_7227351497995170828_n-930x620-1-300x200.jpg 300w, https:\/\/www.youthforequality.sk\/wp-content\/uploads\/2023\/03\/352526024_209336271973535_7227351497995170828_n-930x620-1-768x512.jpg 768w\" sizes=\"(max-width: 930px) 100vw, 930px\" \/>\n                            <\/div>\n                    <\/div><div class=\"eael-entry-wrapper\"><header class=\"eael-entry-header\"><h2 class=\"eael-entry-title\"><a class=\"eael-grid-post-link\" href=\"https:\/\/www.youthforequality.sk\/index.php\/2023\/03\/30\/do-for-you-2\/\" title=\"Do for You\">Do for You<\/a><\/h2><\/header><div class=\"eael-entry-content\">\n                                <div class=\"eael-grid-post-excerpt\"><p>DO FOR YOU: Program sa \u00faspe\u0161ne skon\u010dilTento projekt spojil mlad\u00fdch \u013eud\u00ed zo Slovenska, \u010ceska, Ma\u010farska a Po\u013eska na transforma\u010dn\u00fd 6-d\u0148ov\u00fd...<\/p><a href=\"https:\/\/www.youthforequality.sk\/index.php\/2023\/03\/30\/do-for-you-2\/\" class=\"eael-post-elements-readmore-btn\">\u010c\u00edtaj viac<\/a><\/div>\n                            <\/div><div class=\"eael-entry-header-after style-two\"><div class=\"eael-entry-meta\"><span class=\"eael-meta-posted-on\"><i class=\"far fa-clock\"><\/i><time datetime=\"30. marca 2023\">30. marca 2023<\/time><\/span><\/div><\/div><\/div><\/div>\n    <\/div>\n<\/article><article class=\"eael-grid-post  eael-post-grid-column eael-pg-post-5522 category-blog-miestne-projekty-predosle\" data-id=\"5522\">\n    <div class=\"eael-grid-post-holder\">\n        <div class=\"eael-grid-post-holder-inner\"><div class=\"eael-entry-media\"><div class=\"eael-entry-overlay fade-in\"><i class=\"\" aria-hidden=\"true\"><\/i><a href=\"https:\/\/www.youthforequality.sk\/index.php\/2023\/02\/05\/power-of-mental-health-2\/\"><\/a><\/div><div class=\"eael-entry-thumbnail \">\n                            <img decoding=\"async\" width=\"724\" height=\"1024\" src=\"https:\/\/www.youthforequality.sk\/wp-content\/uploads\/2023\/08\/6-724x1024.png\" class=\"attachment-large size-large wp-image-5527\" alt=\"\" srcset=\"https:\/\/www.youthforequality.sk\/wp-content\/uploads\/2023\/08\/6-724x1024.png 724w, https:\/\/www.youthforequality.sk\/wp-content\/uploads\/2023\/08\/6-212x300.png 212w, https:\/\/www.youthforequality.sk\/wp-content\/uploads\/2023\/08\/6-768x1086.png 768w, https:\/\/www.youthforequality.sk\/wp-content\/uploads\/2023\/08\/6-1086x1536.png 1086w, https:\/\/www.youthforequality.sk\/wp-content\/uploads\/2023\/08\/6.png 1414w\" sizes=\"(max-width: 724px) 100vw, 724px\" \/>\n                            <\/div>\n                    <\/div><div class=\"eael-entry-wrapper\"><header class=\"eael-entry-header\"><h2 class=\"eael-entry-title\"><a class=\"eael-grid-post-link\" href=\"https:\/\/www.youthforequality.sk\/index.php\/2023\/02\/05\/power-of-mental-health-2\/\" title=\"Sila du\u0161evn\u00e9ho zdravia\">Sila du\u0161evn\u00e9ho zdravia<\/a><\/h2><\/header><div class=\"eael-entry-content\">\n                                <div class=\"eael-grid-post-excerpt\"><p>V posledn\u00fdch rokoch \u010delil cel\u00fd svet r\u00f4znym situ\u00e1ci\u00e1m, ktor\u00e9 ako prv\u00e9 od\u0161tartovala pand\u00e9mia Covid-19. T\u00e1to pand\u00e9mia, ktor\u00fa sme po dlhom...<\/p><a href=\"https:\/\/www.youthforequality.sk\/index.php\/2023\/02\/05\/power-of-mental-health-2\/\" class=\"eael-post-elements-readmore-btn\">\u010c\u00edtaj viac<\/a><\/div>\n                            <\/div><div class=\"eael-entry-header-after style-two\"><div class=\"eael-entry-meta\"><span class=\"eael-meta-posted-on\"><i class=\"far fa-clock\"><\/i><time datetime=\"5. febru\u00e1ra 2023\">5. febru\u00e1ra 2023<\/time><\/span><\/div><\/div><\/div><\/div>\n    <\/div>\n<\/article><\/div>\n            <div class=\"clearfix\"><\/div>\n        <\/div>            <div class=\"eael-load-more-button-wrap\">\n                <button class=\"eael-load-more-button\" id=\"eael-load-more-btn-2920f557\" data-widget-id=\"2920f557\" data-widget=\"2920f557\" data-page-id=\"10302\" data-template=\"{&quot;dir&quot;:&quot;lite&quot;,&quot;file_name&quot;:&quot;two.php&quot;,&quot;name&quot;:&quot;Post-Grid&quot;}\" data-class=\"Essential_Addons_Elementor\\Elements\\Post_Grid\" data-layout=\"masonry\" data-page=\"1\" data-args=\"orderby=date&amp;order=desc&amp;ignore_sticky_posts=1&amp;post_status=publish&amp;posts_per_page=3&amp;offset=0&amp;post_type=post&amp;tax_query%5B0%5D%5Btaxonomy%5D=category&amp;tax_query%5B0%5D%5Bfield%5D=term_id&amp;tax_query%5B0%5D%5Bterms%5D%5B0%5D=53&amp;tax_query%5Brelation%5D=AND\" data-max-page=\"2\">\n                    <span class=\"eael-btn-loader button__loader\"><\/span>\n                    <span class=\"eael_load_more_text\">\u010eal\u0161ie \u010dl\u00e1nky<\/span>\n                <\/button>\n            <\/div>\n            \t\t\t\t<\/div>\n\t\t\t\t<\/div>\n\t\t\t\t\t<\/div>\n\t\t<\/div>\n\t\t\t\t\t<\/div>\n\t\t<\/section>\n\t\t\t\t<\/div>\n\t\t","protected":false},"excerpt":{"rendered":"<p>Aj toto sme u\u017e zorganizovali \u017div\u00e1 z\u00e1hrada \/ Life garden S naliehavos\u0165ou klimatick\u00fdch zmien, ako aj so zaveden\u00edm programu trvalo udr\u017eate\u013en\u00e9ho rozvoja, sa do popredia pozornosti dostala potreba vytvorenia hlb\u0161ieho&#8230; \u010c\u00edtaj viac 9. November 2023 Do for You DO FOR YOU: Program sa \u00faspe\u0161ne skon\u010dilTento projekt spojil mlad\u00fdch \u013eud\u00ed zo Slovenska, \u010ceska, Ma\u010farska a Po\u013eska&hellip;&nbsp;<a href=\"https:\/\/www.youthforequality.sk\/index.php\/2023\/02\/05\/power-of-mental-health-2\/\" class=\"\" rel=\"bookmark\">\u010c\u00edta\u0165 viac &raquo;<span class=\"screen-reader-text\">Sila du\u0161evn\u00e9ho zdravia<\/span><\/a><\/p>\n","protected":false},"author":2,"featured_media":1437,"parent":2124,"menu_order":0,"comment_status":"closed","ping_status":"closed","template":"elementor_header_footer","meta":{"_uf_show_specific_survey":0,"_uf_disable_surveys":false,"neve_meta_sidebar":"full-width","neve_meta_container":"","neve_meta_enable_content_width":"on","neve_meta_content_width":100,"neve_meta_title_alignment":"","neve_meta_author_avatar":"","neve_post_elements_order":"","neve_meta_disable_header":"","neve_meta_disable_footer":"","neve_meta_disable_title":"","_themeisle_gutenberg_block_has_review":false,"footnotes":""},"categories":[],"tags":[],"class_list":["post-10302","page","type-page","status-publish","has-post-thumbnail","hentry"],"yoast_head":"<!-- This site is optimized with the Yoast SEO plugin v27.4 - https:\/\/yoast.com\/product\/yoast-seo-wordpress\/ -->\n<title>Predo\u0161l\u00e9 miestne-projekty |<\/title>\n<meta name=\"robots\" content=\"index, follow, max-snippet:-1, max-image-preview:large, max-video-preview:-1\" \/>\n<link rel=\"canonical\" href=\"https:\/\/www.youthforequality.sk\/index.php\/miestne-projekty\/predosle-miestne-projekty\/\" \/>\n<meta property=\"og:locale\" content=\"sk_SK\" \/>\n<meta property=\"og:type\" content=\"article\" \/>\n<meta property=\"og:title\" content=\"Predo\u0161l\u00e9 miestne-projekty |\" \/>\n<meta property=\"og:description\" content=\"Aj toto sme u\u017e zorganizovali \u017div\u00e1 z\u00e1hrada \/ Life garden S naliehavos\u0165ou klimatick\u00fdch zmien, ako aj so zaveden\u00edm programu trvalo udr\u017eate\u013en\u00e9ho rozvoja, sa do popredia pozornosti dostala potreba vytvorenia hlb\u0161ieho&#8230; \u010c\u00edtaj viac 9. November 2023 Do for You DO FOR YOU: Program sa \u00faspe\u0161ne skon\u010dilTento projekt spojil mlad\u00fdch \u013eud\u00ed zo Slovenska, \u010ceska, Ma\u010farska a Po\u013eska&hellip;&nbsp;\u010c\u00edta\u0165 viac &raquo;Sila du\u0161evn\u00e9ho zdravia\" \/>\n<meta property=\"og:url\" content=\"https:\/\/www.youthforequality.sk\/index.php\/miestne-projekty\/predosle-miestne-projekty\/\" \/>\n<meta property=\"article:publisher\" content=\"https:\/\/www.facebook.com\/yeslovakia\" \/>\n<meta property=\"article:modified_time\" content=\"2025-11-17T14:14:11+00:00\" \/>\n<meta property=\"og:image\" content=\"https:\/\/www.youthforequality.sk\/wp-content\/uploads\/2020\/06\/Homeless-2.jpg\" \/>\n\t<meta property=\"og:image:width\" content=\"960\" \/>\n\t<meta property=\"og:image:height\" content=\"720\" \/>\n\t<meta property=\"og:image:type\" content=\"image\/jpeg\" \/>\n<meta name=\"twitter:card\" content=\"summary_large_image\" \/>\n<meta name=\"twitter:label1\" content=\"Predpokladan\u00fd \u010das \u010d\u00edtania\" \/>\n\t<meta name=\"twitter:data1\" content=\"2 min\u00faty\" \/>\n<script type=\"application\/ld+json\" class=\"yoast-schema-graph\">{\"@context\":\"https:\\\/\\\/schema.org\",\"@graph\":[{\"@type\":\"WebPage\",\"@id\":\"https:\\\/\\\/www.youthforequality.sk\\\/index.php\\\/miestne-projekty\\\/predosle-miestne-projekty\\\/\",\"url\":\"https:\\\/\\\/www.youthforequality.sk\\\/index.php\\\/miestne-projekty\\\/predosle-miestne-projekty\\\/\",\"name\":\"Predo\u0161l\u00e9 miestne-projekty |\",\"isPartOf\":{\"@id\":\"https:\\\/\\\/www.youthforequality.sk\\\/#website\"},\"primaryImageOfPage\":{\"@id\":\"https:\\\/\\\/www.youthforequality.sk\\\/index.php\\\/miestne-projekty\\\/predosle-miestne-projekty\\\/#primaryimage\"},\"image\":{\"@id\":\"https:\\\/\\\/www.youthforequality.sk\\\/index.php\\\/miestne-projekty\\\/predosle-miestne-projekty\\\/#primaryimage\"},\"thumbnailUrl\":\"https:\\\/\\\/www.youthforequality.sk\\\/wp-content\\\/uploads\\\/2020\\\/06\\\/Homeless-2.jpg\",\"datePublished\":\"2025-11-17T14:13:13+00:00\",\"dateModified\":\"2025-11-17T14:14:11+00:00\",\"breadcrumb\":{\"@id\":\"https:\\\/\\\/www.youthforequality.sk\\\/index.php\\\/miestne-projekty\\\/predosle-miestne-projekty\\\/#breadcrumb\"},\"inLanguage\":\"sk-SK\",\"potentialAction\":[{\"@type\":\"ReadAction\",\"target\":[\"https:\\\/\\\/www.youthforequality.sk\\\/index.php\\\/miestne-projekty\\\/predosle-miestne-projekty\\\/\"]}]},{\"@type\":\"ImageObject\",\"inLanguage\":\"sk-SK\",\"@id\":\"https:\\\/\\\/www.youthforequality.sk\\\/index.php\\\/miestne-projekty\\\/predosle-miestne-projekty\\\/#primaryimage\",\"url\":\"https:\\\/\\\/www.youthforequality.sk\\\/wp-content\\\/uploads\\\/2020\\\/06\\\/Homeless-2.jpg\",\"contentUrl\":\"https:\\\/\\\/www.youthforequality.sk\\\/wp-content\\\/uploads\\\/2020\\\/06\\\/Homeless-2.jpg\",\"width\":960,\"height\":720},{\"@type\":\"BreadcrumbList\",\"@id\":\"https:\\\/\\\/www.youthforequality.sk\\\/index.php\\\/miestne-projekty\\\/predosle-miestne-projekty\\\/#breadcrumb\",\"itemListElement\":[{\"@type\":\"ListItem\",\"position\":1,\"name\":\"Home\",\"item\":\"https:\\\/\\\/www.youthforequality.sk\\\/\"},{\"@type\":\"ListItem\",\"position\":2,\"name\":\"Miestne projekty\",\"item\":\"https:\\\/\\\/www.youthforequality.sk\\\/index.php\\\/miestne-projekty\\\/\"},{\"@type\":\"ListItem\",\"position\":3,\"name\":\"Predo\u0161l\u00e9 miestne-projekty\"}]},{\"@type\":\"WebSite\",\"@id\":\"https:\\\/\\\/www.youthforequality.sk\\\/#website\",\"url\":\"https:\\\/\\\/www.youthforequality.sk\\\/\",\"name\":\"\",\"description\":\"\",\"publisher\":{\"@id\":\"https:\\\/\\\/www.youthforequality.sk\\\/#organization\"},\"potentialAction\":[{\"@type\":\"SearchAction\",\"target\":{\"@type\":\"EntryPoint\",\"urlTemplate\":\"https:\\\/\\\/www.youthforequality.sk\\\/?s={search_term_string}\"},\"query-input\":{\"@type\":\"PropertyValueSpecification\",\"valueRequired\":true,\"valueName\":\"search_term_string\"}}],\"inLanguage\":\"sk-SK\"},{\"@type\":\"Organization\",\"@id\":\"https:\\\/\\\/www.youthforequality.sk\\\/#organization\",\"name\":\"Youth for Equality\",\"url\":\"https:\\\/\\\/www.youthforequality.sk\\\/\",\"logo\":{\"@type\":\"ImageObject\",\"inLanguage\":\"sk-SK\",\"@id\":\"https:\\\/\\\/www.youthforequality.sk\\\/#\\\/schema\\\/logo\\\/image\\\/\",\"url\":\"https:\\\/\\\/www.youthforequality.sk\\\/wp-content\\\/uploads\\\/2021\\\/01\\\/vynovene-logo-nove-farby_modra-na-web.png\",\"contentUrl\":\"https:\\\/\\\/www.youthforequality.sk\\\/wp-content\\\/uploads\\\/2021\\\/01\\\/vynovene-logo-nove-farby_modra-na-web.png\",\"width\":1,\"height\":1,\"caption\":\"Youth for Equality\"},\"image\":{\"@id\":\"https:\\\/\\\/www.youthforequality.sk\\\/#\\\/schema\\\/logo\\\/image\\\/\"},\"sameAs\":[\"https:\\\/\\\/www.facebook.com\\\/yeslovakia\"]}]}<\/script>\n<!-- \/ Yoast SEO plugin. -->","yoast_head_json":{"title":"Predo\u0161l\u00e9 miestne-projekty |","robots":{"index":"index","follow":"follow","max-snippet":"max-snippet:-1","max-image-preview":"max-image-preview:large","max-video-preview":"max-video-preview:-1"},"canonical":"https:\/\/www.youthforequality.sk\/index.php\/miestne-projekty\/predosle-miestne-projekty\/","og_locale":"sk_SK","og_type":"article","og_title":"Predo\u0161l\u00e9 miestne-projekty |","og_description":"Aj toto sme u\u017e zorganizovali \u017div\u00e1 z\u00e1hrada \/ Life garden S naliehavos\u0165ou klimatick\u00fdch zmien, ako aj so zaveden\u00edm programu trvalo udr\u017eate\u013en\u00e9ho rozvoja, sa do popredia pozornosti dostala potreba vytvorenia hlb\u0161ieho&#8230; \u010c\u00edtaj viac 9. November 2023 Do for You DO FOR YOU: Program sa \u00faspe\u0161ne skon\u010dilTento projekt spojil mlad\u00fdch \u013eud\u00ed zo Slovenska, \u010ceska, Ma\u010farska a Po\u013eska&hellip;&nbsp;\u010c\u00edta\u0165 viac &raquo;Sila du\u0161evn\u00e9ho zdravia","og_url":"https:\/\/www.youthforequality.sk\/index.php\/miestne-projekty\/predosle-miestne-projekty\/","article_publisher":"https:\/\/www.facebook.com\/yeslovakia","article_modified_time":"2025-11-17T14:14:11+00:00","og_image":[{"width":960,"height":720,"url":"https:\/\/www.youthforequality.sk\/wp-content\/uploads\/2020\/06\/Homeless-2.jpg","type":"image\/jpeg"}],"twitter_card":"summary_large_image","twitter_misc":{"Predpokladan\u00fd \u010das \u010d\u00edtania":"2 min\u00faty"},"schema":{"@context":"https:\/\/schema.org","@graph":[{"@type":"WebPage","@id":"https:\/\/www.youthforequality.sk\/index.php\/miestne-projekty\/predosle-miestne-projekty\/","url":"https:\/\/www.youthforequality.sk\/index.php\/miestne-projekty\/predosle-miestne-projekty\/","name":"Predo\u0161l\u00e9 miestne-projekty |","isPartOf":{"@id":"https:\/\/www.youthforequality.sk\/#website"},"primaryImageOfPage":{"@id":"https:\/\/www.youthforequality.sk\/index.php\/miestne-projekty\/predosle-miestne-projekty\/#primaryimage"},"image":{"@id":"https:\/\/www.youthforequality.sk\/index.php\/miestne-projekty\/predosle-miestne-projekty\/#primaryimage"},"thumbnailUrl":"https:\/\/www.youthforequality.sk\/wp-content\/uploads\/2020\/06\/Homeless-2.jpg","datePublished":"2025-11-17T14:13:13+00:00","dateModified":"2025-11-17T14:14:11+00:00","breadcrumb":{"@id":"https:\/\/www.youthforequality.sk\/index.php\/miestne-projekty\/predosle-miestne-projekty\/#breadcrumb"},"inLanguage":"sk-SK","potentialAction":[{"@type":"ReadAction","target":["https:\/\/www.youthforequality.sk\/index.php\/miestne-projekty\/predosle-miestne-projekty\/"]}]},{"@type":"ImageObject","inLanguage":"sk-SK","@id":"https:\/\/www.youthforequality.sk\/index.php\/miestne-projekty\/predosle-miestne-projekty\/#primaryimage","url":"https:\/\/www.youthforequality.sk\/wp-content\/uploads\/2020\/06\/Homeless-2.jpg","contentUrl":"https:\/\/www.youthforequality.sk\/wp-content\/uploads\/2020\/06\/Homeless-2.jpg","width":960,"height":720},{"@type":"BreadcrumbList","@id":"https:\/\/www.youthforequality.sk\/index.php\/miestne-projekty\/predosle-miestne-projekty\/#breadcrumb","itemListElement":[{"@type":"ListItem","position":1,"name":"Home","item":"https:\/\/www.youthforequality.sk\/"},{"@type":"ListItem","position":2,"name":"Miestne projekty","item":"https:\/\/www.youthforequality.sk\/index.php\/miestne-projekty\/"},{"@type":"ListItem","position":3,"name":"Predo\u0161l\u00e9 miestne-projekty"}]},{"@type":"WebSite","@id":"https:\/\/www.youthforequality.sk\/#website","url":"https:\/\/www.youthforequality.sk\/","name":"","description":"","publisher":{"@id":"https:\/\/www.youthforequality.sk\/#organization"},"potentialAction":[{"@type":"SearchAction","target":{"@type":"EntryPoint","urlTemplate":"https:\/\/www.youthforequality.sk\/?s={search_term_string}"},"query-input":{"@type":"PropertyValueSpecification","valueRequired":true,"valueName":"search_term_string"}}],"inLanguage":"sk-SK"},{"@type":"Organization","@id":"https:\/\/www.youthforequality.sk\/#organization","name":"Youth for Equality","url":"https:\/\/www.youthforequality.sk\/","logo":{"@type":"ImageObject","inLanguage":"sk-SK","@id":"https:\/\/www.youthforequality.sk\/#\/schema\/logo\/image\/","url":"https:\/\/www.youthforequality.sk\/wp-content\/uploads\/2021\/01\/vynovene-logo-nove-farby_modra-na-web.png","contentUrl":"https:\/\/www.youthforequality.sk\/wp-content\/uploads\/2021\/01\/vynovene-logo-nove-farby_modra-na-web.png","width":1,"height":1,"caption":"Youth for Equality"},"image":{"@id":"https:\/\/www.youthforequality.sk\/#\/schema\/logo\/image\/"},"sameAs":["https:\/\/www.facebook.com\/yeslovakia"]}]}},"_links":{"self":[{"href":"https:\/\/www.youthforequality.sk\/index.php\/wp-json\/wp\/v2\/pages\/10302","targetHints":{"allow":["GET"]}}],"collection":[{"href":"https:\/\/www.youthforequality.sk\/index.php\/wp-json\/wp\/v2\/pages"}],"about":[{"href":"https:\/\/www.youthforequality.sk\/index.php\/wp-json\/wp\/v2\/types\/page"}],"author":[{"embeddable":true,"href":"https:\/\/www.youthforequality.sk\/index.php\/wp-json\/wp\/v2\/users\/2"}],"replies":[{"embeddable":true,"href":"https:\/\/www.youthforequality.sk\/index.php\/wp-json\/wp\/v2\/comments?post=10302"}],"version-history":[{"count":1,"href":"https:\/\/www.youthforequality.sk\/index.php\/wp-json\/wp\/v2\/pages\/10302\/revisions"}],"predecessor-version":[{"id":10303,"href":"https:\/\/www.youthforequality.sk\/index.php\/wp-json\/wp\/v2\/pages\/10302\/revisions\/10303"}],"up":[{"embeddable":true,"href":"https:\/\/www.youthforequality.sk\/index.php\/wp-json\/wp\/v2\/pages\/2124"}],"wp:featuredmedia":[{"embeddable":true,"href":"https:\/\/www.youthforequality.sk\/index.php\/wp-json\/wp\/v2\/media\/1437"}],"wp:attachment":[{"href":"https:\/\/www.youthforequality.sk\/index.php\/wp-json\/wp\/v2\/media?parent=10302"}],"wp:term":[{"taxonomy":"category","embeddable":true,"href":"https:\/\/www.youthforequality.sk\/index.php\/wp-json\/wp\/v2\/categories?post=10302"},{"taxonomy":"post_tag","embeddable":true,"href":"https:\/\/www.youthforequality.sk\/index.php\/wp-json\/wp\/v2\/tags?post=10302"}],"curies":[{"name":"wp","href":"https:\/\/api.w.org\/{rel}","templated":true}]}}