{"id":1594,"date":"2020-10-28T16:51:41","date_gmt":"2020-10-28T16:51:41","guid":{"rendered":"https:\/\/www.youthforequality.sk\/?page_id=1594"},"modified":"2020-11-30T22:11:16","modified_gmt":"2020-11-30T22:11:16","slug":"skolenia-pre-pracovnikov-s-mladezou","status":"publish","type":"page","link":"https:\/\/www.youthforequality.sk\/index.php\/activitiy\/skolenia-neaktualna-verzia\/skolenia-pre-pracovnikov-s-mladezou\/","title":{"rendered":"\u010co s\u00fa \u0161kolenia?"},"content":{"rendered":"\n<p>Podporujeme odborn\u00fd rast pracovn\u00edkov s ml\u00e1de\u017eou, u\u010dite\u013eov, odborn\u00edkov prostredn\u00edctvom \u0161kolen\u00ed, semin\u00e1rov, workshopov zameran\u00fdch na odborn\u00fa pr\u00edpravu alebo budovanie kontaktov.<\/p>\n\n\n\n<h3 class=\"wp-block-heading\"><strong><span class=\"uppercase\">Mobility pre pracovn\u00edkov s ml\u00e1de\u017eou<\/span><\/strong><\/h3>\n\n\n\n<p>Kurzy odbornej pr\u00edpravy, \u0161tudijn\u00e9 n\u00e1v\u0161tevy, mentorsk\u00e9 programy je mo\u017en\u00e9 absolvova\u0165 v zahrani\u010d\u00ed. Ich cie\u013eom s\u00fa zlep\u0161enie kompetenci\u00ed \u00fa\u010dastn\u00edkov s\u00favisiacich s ich profesijn\u00fdmi profilmi (v\u00fdu\u010dba, odborn\u00e1 pr\u00edprava, pr\u00e1ca s ml\u00e1de\u017eou at\u010f.); hlb\u0161ie porozumenie postupom, politik\u00e1m a syst\u00e9mom v oblastiach vzdel\u00e1vania, odbornej pr\u00edpravy alebo ml\u00e1de\u017ee v jednotliv\u00fdch krajin\u00e1ch; v\u00e4\u010d\u0161iu schopnos\u0165 od\u0161tartova\u0165 zmeny v pr\u00edslu\u0161n\u00fdch vzdel\u00e1vac\u00edch organiz\u00e1ci\u00e1ch, pokia\u013e ide o moderniz\u00e1ciu a medzin\u00e1rodn\u00fa otvorenos\u0165; hlb\u0161ie porozumenie vz\u00e1jomn\u00fdch prepojen\u00ed medzi form\u00e1lnym a neform\u00e1lnym vzdel\u00e1van\u00edm, odbornou pr\u00edpravou a trhom pr\u00e1ce; lep\u0161iu kvalitu pr\u00e1ce a \u010dinnost\u00ed vykon\u00e1van\u00fdch v prospech \u0161tudentov, \u00fa\u010dastn\u00edkov vzdel\u00e1vania, u\u010d\u0148ov, \u017eiakov, dospel\u00fdch u\u010diacich sa, mlad\u00fdch \u013eud\u00ed a dobrovo\u013en\u00edkov; hlb\u0161ie porozumenie a lep\u0161iu schopnos\u0165 reagova\u0165 na soci\u00e1lnu, jazykov\u00fa a kult\u00farnu rozmanitos\u0165; lep\u0161iu schopnos\u0165 rie\u0161i\u0165 potreby znev\u00fdhodnen\u00fdch os\u00f4b a mlad\u00fdch \u013eud\u00ed s nedostatkom pr\u00edle\u017eitost\u00ed; v\u00e4\u010d\u0161iu podporu a propag\u00e1ciu mobilitn\u00fdch aktiv\u00edt u u\u010diacich sa; v\u00e4\u010d\u0161ie mo\u017enosti z h\u013eadiska profesion\u00e1lneho a kari\u00e9rneho rozvoja; zlep\u0161enie kompetenci\u00ed v oblasti cudz\u00edch jazykov; v\u00e4\u010d\u0161iu motiv\u00e1ciu a uspokojenie v ka\u017edodennej pr\u00e1ci.<\/p>\n\n\n\n<p>\u010co sa t\u00fdka Erasmus+ mobil\u00edt pracovn\u00edkov s ml\u00e1de\u017eou m\u00f4\u017ee trva\u0165 od 2 dn\u00ed do 2 mesiacov<strong>.<\/strong> Ubytovanie, strava, cestovn\u00e9 v\u00fddavky (prepo\u010d\u00edtan\u00e9 na z\u00e1klade kalkula\u010dky E\u00da) s\u00fa hraden\u00e9 financiami Eur\u00f3pskej Komisie. Mobility s\u00fa v r\u00e1mci certifik\u00e1tu Youthpass uznan\u00e9 ako sk\u00fasenosti pracovn\u00edkov s ml\u00e1de\u017eou v oblasti vzdel\u00e1vania.&nbsp;<\/p>\n\n\n\n<p>Pre\u010d\u00edtajte si o konkr\u00e9tnych sk\u00fasenostiach v na\u0161om <a href=\"https:\/\/www.youthforequality.sk\/index.php\/blog\/\">blogu<\/a>.<\/p>\n\n\n\n<p><strong><a href=\"https:\/\/www.youthforequality.sk\/index.php\/green-way-of-social-entrepreneurship\/\">Green way of Social entrepreneurship<\/a><\/strong><\/p>\n\n\n\n<p><strong><a href=\"https:\/\/www.youthforequality.sk\/index.php\/treat-yourself\/\">Treat Yourself<\/a><\/strong><\/p>\n\n\n\n<h3 class=\"wp-block-heading\"><span class=\"uppercase\">Strategick\u00e9 partnerstv\u00e1<\/span><\/h3>\n\n\n\n<p>Strategick\u00e9 partnerstv\u00e1 s\u00fa nadn\u00e1rodn\u00e9 projekty zameran\u00e9 na rozvoj a \u0161\u00edrenie inovat\u00edvnych postupov a podporu spolupr\u00e1ce, partnersk\u00e9ho u\u010denia sa a v\u00fdmeny sk\u00fasenost\u00ed v oblasti vzdel\u00e1vania, odbornej pr\u00edpravy a ml\u00e1de\u017ee.<\/p>\n\n\n\n<p><strong><a href=\"https:\/\/www.youthforequality.sk\/index.php\/move-in-a-green-way\/\">Move in a green way<\/a><\/strong><\/p>\n\n\n\n<p><strong><a href=\"https:\/\/www.youthforequality.sk\/index.php\/zapoj-sa\/skolenia-a-mladeznicke-vymeny-copy\/skolenia-pre-pracovnikov-s-mladezou\/wise-mind\/\">Wise Mind<\/a><\/strong><\/p>\n\n\n\n<p><strong><a href=\"https:\/\/www.youthforequality.sk\/index.php\/young-power\/\">Young power<\/a><\/strong><\/p>\n","protected":false},"excerpt":{"rendered":"<p>Podporujeme odborn\u00fd rast pracovn\u00edkov s ml\u00e1de\u017eou, u\u010dite\u013eov, odborn\u00edkov prostredn\u00edctvom \u0161kolen\u00ed, semin\u00e1rov, workshopov zameran\u00fdch na odborn\u00fa pr\u00edpravu alebo budovanie kontaktov. Mobility pre pracovn\u00edkov s ml\u00e1de\u017eou Kurzy odbornej pr\u00edpravy, \u0161tudijn\u00e9 n\u00e1v\u0161tevy, mentorsk\u00e9 programy je mo\u017en\u00e9 absolvova\u0165 v zahrani\u010d\u00ed. Ich cie\u013eom s\u00fa zlep\u0161enie kompetenci\u00ed \u00fa\u010dastn\u00edkov s\u00favisiacich s ich profesijn\u00fdmi profilmi (v\u00fdu\u010dba, odborn\u00e1 pr\u00edprava, pr\u00e1ca s ml\u00e1de\u017eou at\u010f.); hlb\u0161ie&hellip;&nbsp;<a href=\"https:\/\/www.youthforequality.sk\/index.php\/activitiy\/skolenia-neaktualna-verzia\/skolenia-pre-pracovnikov-s-mladezou\/\" class=\"\" rel=\"bookmark\">\u010c\u00edta\u0165 viac &raquo;<span class=\"screen-reader-text\">\u010co s\u00fa \u0161kolenia?<\/span><\/a><\/p>\n","protected":false},"author":2,"featured_media":0,"parent":1573,"menu_order":4,"comment_status":"closed","ping_status":"closed","template":"","meta":{"_uf_show_specific_survey":0,"_uf_disable_surveys":false,"neve_meta_sidebar":"","neve_meta_container":"","neve_meta_enable_content_width":"","neve_meta_content_width":0,"neve_meta_title_alignment":"","neve_meta_author_avatar":"","neve_post_elements_order":"","neve_meta_disable_header":"","neve_meta_disable_footer":"","neve_meta_disable_title":"","_themeisle_gutenberg_block_has_review":false,"footnotes":""},"categories":[],"tags":[],"class_list":["post-1594","page","type-page","status-publish","hentry"],"yoast_head":"<!-- This site is optimized with the Yoast SEO plugin v27.4 - https:\/\/yoast.com\/product\/yoast-seo-wordpress\/ -->\n<title>\u010co s\u00fa \u0161kolenia? |<\/title>\n<meta name=\"robots\" content=\"index, follow, max-snippet:-1, max-image-preview:large, max-video-preview:-1\" \/>\n<link rel=\"canonical\" href=\"https:\/\/www.youthforequality.sk\/index.php\/activitiy\/skolenia-neaktualna-verzia\/skolenia-pre-pracovnikov-s-mladezou\/\" \/>\n<meta property=\"og:locale\" content=\"sk_SK\" \/>\n<meta property=\"og:type\" content=\"article\" \/>\n<meta property=\"og:title\" content=\"\u010co s\u00fa \u0161kolenia? |\" \/>\n<meta property=\"og:description\" content=\"Podporujeme odborn\u00fd rast pracovn\u00edkov s ml\u00e1de\u017eou, u\u010dite\u013eov, odborn\u00edkov prostredn\u00edctvom \u0161kolen\u00ed, semin\u00e1rov, workshopov zameran\u00fdch na odborn\u00fa pr\u00edpravu alebo budovanie kontaktov. Mobility pre pracovn\u00edkov s ml\u00e1de\u017eou Kurzy odbornej pr\u00edpravy, \u0161tudijn\u00e9 n\u00e1v\u0161tevy, mentorsk\u00e9 programy je mo\u017en\u00e9 absolvova\u0165 v zahrani\u010d\u00ed. Ich cie\u013eom s\u00fa zlep\u0161enie kompetenci\u00ed \u00fa\u010dastn\u00edkov s\u00favisiacich s ich profesijn\u00fdmi profilmi (v\u00fdu\u010dba, odborn\u00e1 pr\u00edprava, pr\u00e1ca s ml\u00e1de\u017eou at\u010f.); hlb\u0161ie&hellip;&nbsp;\u010c\u00edta\u0165 viac &raquo;\u010co s\u00fa \u0161kolenia?\" \/>\n<meta property=\"og:url\" content=\"https:\/\/www.youthforequality.sk\/index.php\/activitiy\/skolenia-neaktualna-verzia\/skolenia-pre-pracovnikov-s-mladezou\/\" \/>\n<meta property=\"article:publisher\" content=\"https:\/\/www.facebook.com\/yeslovakia\" \/>\n<meta property=\"article:modified_time\" content=\"2020-11-30T22:11:16+00:00\" \/>\n<meta name=\"twitter:card\" content=\"summary_large_image\" \/>\n<meta name=\"twitter:label1\" content=\"Predpokladan\u00fd \u010das \u010d\u00edtania\" \/>\n\t<meta name=\"twitter:data1\" content=\"2 min\u00faty\" \/>\n<script type=\"application\/ld+json\" class=\"yoast-schema-graph\">{\"@context\":\"https:\\\/\\\/schema.org\",\"@graph\":[{\"@type\":\"WebPage\",\"@id\":\"https:\\\/\\\/www.youthforequality.sk\\\/index.php\\\/activitiy\\\/skolenia-neaktualna-verzia\\\/skolenia-pre-pracovnikov-s-mladezou\\\/\",\"url\":\"https:\\\/\\\/www.youthforequality.sk\\\/index.php\\\/activitiy\\\/skolenia-neaktualna-verzia\\\/skolenia-pre-pracovnikov-s-mladezou\\\/\",\"name\":\"\u010co s\u00fa \u0161kolenia? |\",\"isPartOf\":{\"@id\":\"https:\\\/\\\/www.youthforequality.sk\\\/#website\"},\"datePublished\":\"2020-10-28T16:51:41+00:00\",\"dateModified\":\"2020-11-30T22:11:16+00:00\",\"breadcrumb\":{\"@id\":\"https:\\\/\\\/www.youthforequality.sk\\\/index.php\\\/activitiy\\\/skolenia-neaktualna-verzia\\\/skolenia-pre-pracovnikov-s-mladezou\\\/#breadcrumb\"},\"inLanguage\":\"sk-SK\",\"potentialAction\":[{\"@type\":\"ReadAction\",\"target\":[\"https:\\\/\\\/www.youthforequality.sk\\\/index.php\\\/activitiy\\\/skolenia-neaktualna-verzia\\\/skolenia-pre-pracovnikov-s-mladezou\\\/\"]}]},{\"@type\":\"BreadcrumbList\",\"@id\":\"https:\\\/\\\/www.youthforequality.sk\\\/index.php\\\/activitiy\\\/skolenia-neaktualna-verzia\\\/skolenia-pre-pracovnikov-s-mladezou\\\/#breadcrumb\",\"itemListElement\":[{\"@type\":\"ListItem\",\"position\":1,\"name\":\"Home\",\"item\":\"https:\\\/\\\/www.youthforequality.sk\\\/\"},{\"@type\":\"ListItem\",\"position\":2,\"name\":\"Aktivity\",\"item\":\"https:\\\/\\\/www.youthforequality.sk\\\/index.php\\\/activitiy\\\/\"},{\"@type\":\"ListItem\",\"position\":3,\"name\":\"S\u00fakromn\u00e9: \u0160kolenia &#8211; neaktu\u00e1lna verzia\",\"item\":\"https:\\\/\\\/www.youthforequality.sk\\\/index.php\\\/activitiy\\\/skolenia-neaktualna-verzia\\\/\"},{\"@type\":\"ListItem\",\"position\":4,\"name\":\"\u010co s\u00fa \u0161kolenia?\"}]},{\"@type\":\"WebSite\",\"@id\":\"https:\\\/\\\/www.youthforequality.sk\\\/#website\",\"url\":\"https:\\\/\\\/www.youthforequality.sk\\\/\",\"name\":\"\",\"description\":\"\",\"publisher\":{\"@id\":\"https:\\\/\\\/www.youthforequality.sk\\\/#organization\"},\"potentialAction\":[{\"@type\":\"SearchAction\",\"target\":{\"@type\":\"EntryPoint\",\"urlTemplate\":\"https:\\\/\\\/www.youthforequality.sk\\\/?s={search_term_string}\"},\"query-input\":{\"@type\":\"PropertyValueSpecification\",\"valueRequired\":true,\"valueName\":\"search_term_string\"}}],\"inLanguage\":\"sk-SK\"},{\"@type\":\"Organization\",\"@id\":\"https:\\\/\\\/www.youthforequality.sk\\\/#organization\",\"name\":\"Youth for Equality\",\"url\":\"https:\\\/\\\/www.youthforequality.sk\\\/\",\"logo\":{\"@type\":\"ImageObject\",\"inLanguage\":\"sk-SK\",\"@id\":\"https:\\\/\\\/www.youthforequality.sk\\\/#\\\/schema\\\/logo\\\/image\\\/\",\"url\":\"https:\\\/\\\/www.youthforequality.sk\\\/wp-content\\\/uploads\\\/2021\\\/01\\\/vynovene-logo-nove-farby_modra-na-web.png\",\"contentUrl\":\"https:\\\/\\\/www.youthforequality.sk\\\/wp-content\\\/uploads\\\/2021\\\/01\\\/vynovene-logo-nove-farby_modra-na-web.png\",\"width\":1,\"height\":1,\"caption\":\"Youth for Equality\"},\"image\":{\"@id\":\"https:\\\/\\\/www.youthforequality.sk\\\/#\\\/schema\\\/logo\\\/image\\\/\"},\"sameAs\":[\"https:\\\/\\\/www.facebook.com\\\/yeslovakia\"]}]}<\/script>\n<!-- \/ Yoast SEO plugin. -->","yoast_head_json":{"title":"\u010co s\u00fa \u0161kolenia? |","robots":{"index":"index","follow":"follow","max-snippet":"max-snippet:-1","max-image-preview":"max-image-preview:large","max-video-preview":"max-video-preview:-1"},"canonical":"https:\/\/www.youthforequality.sk\/index.php\/activitiy\/skolenia-neaktualna-verzia\/skolenia-pre-pracovnikov-s-mladezou\/","og_locale":"sk_SK","og_type":"article","og_title":"\u010co s\u00fa \u0161kolenia? |","og_description":"Podporujeme odborn\u00fd rast pracovn\u00edkov s ml\u00e1de\u017eou, u\u010dite\u013eov, odborn\u00edkov prostredn\u00edctvom \u0161kolen\u00ed, semin\u00e1rov, workshopov zameran\u00fdch na odborn\u00fa pr\u00edpravu alebo budovanie kontaktov. Mobility pre pracovn\u00edkov s ml\u00e1de\u017eou Kurzy odbornej pr\u00edpravy, \u0161tudijn\u00e9 n\u00e1v\u0161tevy, mentorsk\u00e9 programy je mo\u017en\u00e9 absolvova\u0165 v zahrani\u010d\u00ed. Ich cie\u013eom s\u00fa zlep\u0161enie kompetenci\u00ed \u00fa\u010dastn\u00edkov s\u00favisiacich s ich profesijn\u00fdmi profilmi (v\u00fdu\u010dba, odborn\u00e1 pr\u00edprava, pr\u00e1ca s ml\u00e1de\u017eou at\u010f.); hlb\u0161ie&hellip;&nbsp;\u010c\u00edta\u0165 viac &raquo;\u010co s\u00fa \u0161kolenia?","og_url":"https:\/\/www.youthforequality.sk\/index.php\/activitiy\/skolenia-neaktualna-verzia\/skolenia-pre-pracovnikov-s-mladezou\/","article_publisher":"https:\/\/www.facebook.com\/yeslovakia","article_modified_time":"2020-11-30T22:11:16+00:00","twitter_card":"summary_large_image","twitter_misc":{"Predpokladan\u00fd \u010das \u010d\u00edtania":"2 min\u00faty"},"schema":{"@context":"https:\/\/schema.org","@graph":[{"@type":"WebPage","@id":"https:\/\/www.youthforequality.sk\/index.php\/activitiy\/skolenia-neaktualna-verzia\/skolenia-pre-pracovnikov-s-mladezou\/","url":"https:\/\/www.youthforequality.sk\/index.php\/activitiy\/skolenia-neaktualna-verzia\/skolenia-pre-pracovnikov-s-mladezou\/","name":"\u010co s\u00fa \u0161kolenia? |","isPartOf":{"@id":"https:\/\/www.youthforequality.sk\/#website"},"datePublished":"2020-10-28T16:51:41+00:00","dateModified":"2020-11-30T22:11:16+00:00","breadcrumb":{"@id":"https:\/\/www.youthforequality.sk\/index.php\/activitiy\/skolenia-neaktualna-verzia\/skolenia-pre-pracovnikov-s-mladezou\/#breadcrumb"},"inLanguage":"sk-SK","potentialAction":[{"@type":"ReadAction","target":["https:\/\/www.youthforequality.sk\/index.php\/activitiy\/skolenia-neaktualna-verzia\/skolenia-pre-pracovnikov-s-mladezou\/"]}]},{"@type":"BreadcrumbList","@id":"https:\/\/www.youthforequality.sk\/index.php\/activitiy\/skolenia-neaktualna-verzia\/skolenia-pre-pracovnikov-s-mladezou\/#breadcrumb","itemListElement":[{"@type":"ListItem","position":1,"name":"Home","item":"https:\/\/www.youthforequality.sk\/"},{"@type":"ListItem","position":2,"name":"Aktivity","item":"https:\/\/www.youthforequality.sk\/index.php\/activitiy\/"},{"@type":"ListItem","position":3,"name":"S\u00fakromn\u00e9: \u0160kolenia &#8211; neaktu\u00e1lna verzia","item":"https:\/\/www.youthforequality.sk\/index.php\/activitiy\/skolenia-neaktualna-verzia\/"},{"@type":"ListItem","position":4,"name":"\u010co s\u00fa \u0161kolenia?"}]},{"@type":"WebSite","@id":"https:\/\/www.youthforequality.sk\/#website","url":"https:\/\/www.youthforequality.sk\/","name":"","description":"","publisher":{"@id":"https:\/\/www.youthforequality.sk\/#organization"},"potentialAction":[{"@type":"SearchAction","target":{"@type":"EntryPoint","urlTemplate":"https:\/\/www.youthforequality.sk\/?s={search_term_string}"},"query-input":{"@type":"PropertyValueSpecification","valueRequired":true,"valueName":"search_term_string"}}],"inLanguage":"sk-SK"},{"@type":"Organization","@id":"https:\/\/www.youthforequality.sk\/#organization","name":"Youth for Equality","url":"https:\/\/www.youthforequality.sk\/","logo":{"@type":"ImageObject","inLanguage":"sk-SK","@id":"https:\/\/www.youthforequality.sk\/#\/schema\/logo\/image\/","url":"https:\/\/www.youthforequality.sk\/wp-content\/uploads\/2021\/01\/vynovene-logo-nove-farby_modra-na-web.png","contentUrl":"https:\/\/www.youthforequality.sk\/wp-content\/uploads\/2021\/01\/vynovene-logo-nove-farby_modra-na-web.png","width":1,"height":1,"caption":"Youth for Equality"},"image":{"@id":"https:\/\/www.youthforequality.sk\/#\/schema\/logo\/image\/"},"sameAs":["https:\/\/www.facebook.com\/yeslovakia"]}]}},"_links":{"self":[{"href":"https:\/\/www.youthforequality.sk\/index.php\/wp-json\/wp\/v2\/pages\/1594","targetHints":{"allow":["GET"]}}],"collection":[{"href":"https:\/\/www.youthforequality.sk\/index.php\/wp-json\/wp\/v2\/pages"}],"about":[{"href":"https:\/\/www.youthforequality.sk\/index.php\/wp-json\/wp\/v2\/types\/page"}],"author":[{"embeddable":true,"href":"https:\/\/www.youthforequality.sk\/index.php\/wp-json\/wp\/v2\/users\/2"}],"replies":[{"embeddable":true,"href":"https:\/\/www.youthforequality.sk\/index.php\/wp-json\/wp\/v2\/comments?post=1594"}],"version-history":[{"count":7,"href":"https:\/\/www.youthforequality.sk\/index.php\/wp-json\/wp\/v2\/pages\/1594\/revisions"}],"predecessor-version":[{"id":1709,"href":"https:\/\/www.youthforequality.sk\/index.php\/wp-json\/wp\/v2\/pages\/1594\/revisions\/1709"}],"up":[{"embeddable":true,"href":"https:\/\/www.youthforequality.sk\/index.php\/wp-json\/wp\/v2\/pages\/1573"}],"wp:attachment":[{"href":"https:\/\/www.youthforequality.sk\/index.php\/wp-json\/wp\/v2\/media?parent=1594"}],"wp:term":[{"taxonomy":"category","embeddable":true,"href":"https:\/\/www.youthforequality.sk\/index.php\/wp-json\/wp\/v2\/categories?post=1594"},{"taxonomy":"post_tag","embeddable":true,"href":"https:\/\/www.youthforequality.sk\/index.php\/wp-json\/wp\/v2\/tags?post=1594"}],"curies":[{"name":"wp","href":"https:\/\/api.w.org\/{rel}","templated":true}]}}