{"id":4872,"date":"2023-03-07T16:24:59","date_gmt":"2023-03-07T15:24:59","guid":{"rendered":"https:\/\/www.youthforequality.sk\/index.php\/blog-copy\/"},"modified":"2025-11-12T12:56:14","modified_gmt":"2025-11-12T11:56:14","slug":"hlademe","status":"publish","type":"page","link":"https:\/\/www.youthforequality.sk\/index.php\/hlademe\/","title":{"rendered":"Zapoj sa"},"content":{"rendered":"\t\t<div data-elementor-type=\"wp-page\" data-elementor-id=\"4872\" class=\"elementor elementor-4872\">\n\t\t\t\t\t\t<section class=\"elementor-section elementor-top-section elementor-element elementor-element-fb4c8c7 elementor-section-boxed elementor-section-height-default elementor-section-height-default\" data-id=\"fb4c8c7\" data-element_type=\"section\" data-e-type=\"section\">\n\t\t\t\t\t\t<div class=\"elementor-container elementor-column-gap-default\">\n\t\t\t\t\t<div class=\"elementor-column elementor-col-100 elementor-top-column elementor-element elementor-element-65e4171\" data-id=\"65e4171\" data-element_type=\"column\" data-e-type=\"column\">\n\t\t\t<div class=\"elementor-widget-wrap elementor-element-populated\">\n\t\t\t\t\t\t<div class=\"elementor-element elementor-element-ab803e6 elementor-widget elementor-widget-heading\" data-id=\"ab803e6\" data-element_type=\"widget\" data-e-type=\"widget\" data-widget_type=\"heading.default\">\n\t\t\t\t<div class=\"elementor-widget-container\">\n\t\t\t\t\t<h1 class=\"elementor-heading-title elementor-size-default\">H\u013ead\u00e1me \u00fa\u010dastn\u00edkov<\/h1>\t\t\t\t<\/div>\n\t\t\t\t<\/div>\n\t\t\t\t\t<\/div>\n\t\t<\/div>\n\t\t\t\t\t<\/div>\n\t\t<\/section>\n\t\t\t\t<section class=\"elementor-section elementor-top-section elementor-element elementor-element-2c2835e elementor-section-boxed elementor-section-height-default elementor-section-height-default\" data-id=\"2c2835e\" data-element_type=\"section\" data-e-type=\"section\">\n\t\t\t\t\t\t<div class=\"elementor-container elementor-column-gap-default\">\n\t\t\t\t\t<div class=\"elementor-column elementor-col-100 elementor-top-column elementor-element elementor-element-bc4d1f2\" data-id=\"bc4d1f2\" data-element_type=\"column\" data-e-type=\"column\">\n\t\t\t<div class=\"elementor-widget-wrap elementor-element-populated\">\n\t\t\t\t\t\t<div class=\"elementor-element elementor-element-41c5c7a elementor-widget elementor-widget-spacer\" data-id=\"41c5c7a\" data-element_type=\"widget\" data-e-type=\"widget\" data-widget_type=\"spacer.default\">\n\t\t\t\t<div class=\"elementor-widget-container\">\n\t\t\t\t\t\t\t<div class=\"elementor-spacer\">\n\t\t\t<div class=\"elementor-spacer-inner\"><\/div>\n\t\t<\/div>\n\t\t\t\t\t\t<\/div>\n\t\t\t\t<\/div>\n\t\t\t\t\t<\/div>\n\t\t<\/div>\n\t\t\t\t\t<\/div>\n\t\t<\/section>\n\t\t\t\t<section class=\"elementor-section elementor-top-section elementor-element elementor-element-4db9629 elementor-section-boxed elementor-section-height-default elementor-section-height-default\" data-id=\"4db9629\" data-element_type=\"section\" data-e-type=\"section\">\n\t\t\t\t\t\t<div class=\"elementor-container elementor-column-gap-default\">\n\t\t\t\t\t<div class=\"elementor-column elementor-col-100 elementor-top-column elementor-element elementor-element-1c94f13\" data-id=\"1c94f13\" data-element_type=\"column\" data-e-type=\"column\">\n\t\t\t<div class=\"elementor-widget-wrap elementor-element-populated\">\n\t\t\t\t\t\t<div class=\"elementor-element elementor-element-3da1186 elementor-grid-eael-col-3 elementor-grid-tablet-eael-col-2 elementor-grid-mobile-eael-col-1 elementor-widget elementor-widget-eael-post-grid\" data-id=\"3da1186\" data-element_type=\"widget\" data-e-type=\"widget\" data-settings=\"{&quot;eael_post_grid_columns&quot;:&quot;eael-col-3&quot;,&quot;eael_post_grid_columns_tablet&quot;:&quot;eael-col-2&quot;,&quot;eael_post_grid_columns_mobile&quot;:&quot;eael-col-1&quot;}\" data-widget_type=\"eael-post-grid.default\">\n\t\t\t\t<div class=\"elementor-widget-container\">\n\t\t\t\t\t<div id=\"eael-post-grid-3da1186\" class=\"eael-post-grid-container\">\n            <div class=\"eael-post-grid eael-post-appender eael-post-appender-3da1186 eael-post-grid-style-two\" data-layout-mode=\"masonry\"><article class=\"eael-grid-post  eael-post-grid-column eael-pg-post-9794 category-zapoj-sa\" data-id=\"9794\">\n    <div class=\"eael-grid-post-holder\">\n        <div class=\"eael-grid-post-holder-inner\"><div class=\"eael-entry-media\"><div class=\"eael-entry-overlay fade-in\"><i class=\"\" aria-hidden=\"true\"><\/i><a href=\"https:\/\/www.youthforequality.sk\/index.php\/2025\/10\/03\/esc-volunteering-opportunity-in-trnava\/\"><\/a><\/div><div class=\"eael-entry-thumbnail \">\n                            <img fetchpriority=\"high\" decoding=\"async\" width=\"778\" height=\"403\" src=\"https:\/\/www.youthforequality.sk\/wp-content\/uploads\/2025\/10\/Untitled-design.png\" class=\"attachment-large size-large wp-image-10700\" alt=\"\" srcset=\"https:\/\/www.youthforequality.sk\/wp-content\/uploads\/2025\/10\/Untitled-design.png 778w, https:\/\/www.youthforequality.sk\/wp-content\/uploads\/2025\/10\/Untitled-design-300x155.png 300w, https:\/\/www.youthforequality.sk\/wp-content\/uploads\/2025\/10\/Untitled-design-768x398.png 768w\" sizes=\"(max-width: 778px) 100vw, 778px\" \/>\n                            <\/div>\n                    <\/div><div class=\"eael-entry-wrapper\"><header class=\"eael-entry-header\"><h2 class=\"eael-entry-title\"><a class=\"eael-grid-post-link\" href=\"https:\/\/www.youthforequality.sk\/index.php\/2025\/10\/03\/esc-volunteering-opportunity-in-trnava\/\" title=\"ESC Volunteering Opportunity in Trnava\">ESC Volunteering Opportunity in Trnava<\/a><\/h2><\/header><div class=\"eael-entry-content\">\n                                <div class=\"eael-grid-post-excerpt\"><p>YOUNG LEADERS \u2013 ESC Volunteering Opportunity in Trnava (Slovakia) We are looking for 1 young person aged 18-30! Where: Trnava,...<\/p><a href=\"https:\/\/www.youthforequality.sk\/index.php\/2025\/10\/03\/esc-volunteering-opportunity-in-trnava\/\" class=\"eael-post-elements-readmore-btn\">\u010c\u00edtaj viac<\/a><\/div>\n                            <\/div><div class=\"eael-entry-header-after style-two\"><div class=\"eael-entry-meta\"><span class=\"eael-meta-posted-on\"><i class=\"far fa-clock\"><\/i><time datetime=\"3. okt\u00f3bra 2025\">3. okt\u00f3bra 2025<\/time><\/span><\/div><\/div><\/div><\/div>\n    <\/div>\n<\/article><article class=\"eael-grid-post  eael-post-grid-column eael-pg-post-11014 category-zapoj-sa\" data-id=\"11014\">\n    <div class=\"eael-grid-post-holder\">\n        <div class=\"eael-grid-post-holder-inner\"><div class=\"eael-entry-media\"><div class=\"eael-entry-overlay fade-in\"><i class=\"\" aria-hidden=\"true\"><\/i><a href=\"https:\/\/www.youthforequality.sk\/index.php\/2026\/03\/05\/city-health-week\/\"><\/a><\/div><div class=\"eael-entry-thumbnail \">\n                            <img decoding=\"async\" width=\"1024\" height=\"726\" src=\"https:\/\/www.youthforequality.sk\/wp-content\/uploads\/2026\/03\/CITY-health-week-infopack-2026-1-1-1024x726.png\" class=\"attachment-large size-large wp-image-11031\" alt=\"\" srcset=\"https:\/\/www.youthforequality.sk\/wp-content\/uploads\/2026\/03\/CITY-health-week-infopack-2026-1-1-1024x726.png 1024w, https:\/\/www.youthforequality.sk\/wp-content\/uploads\/2026\/03\/CITY-health-week-infopack-2026-1-1-300x213.png 300w, https:\/\/www.youthforequality.sk\/wp-content\/uploads\/2026\/03\/CITY-health-week-infopack-2026-1-1-768x545.png 768w, https:\/\/www.youthforequality.sk\/wp-content\/uploads\/2026\/03\/CITY-health-week-infopack-2026-1-1-1536x1090.png 1536w, https:\/\/www.youthforequality.sk\/wp-content\/uploads\/2026\/03\/CITY-health-week-infopack-2026-1-1.png 1748w\" sizes=\"(max-width: 1024px) 100vw, 1024px\" \/>\n                            <\/div>\n                    <\/div><div class=\"eael-entry-wrapper\"><header class=\"eael-entry-header\"><h2 class=\"eael-entry-title\"><a class=\"eael-grid-post-link\" href=\"https:\/\/www.youthforequality.sk\/index.php\/2026\/03\/05\/city-health-week\/\" title=\"City Health Week\">City Health Week<\/a><\/h2><\/header><div class=\"eael-entry-content\">\n                                <div class=\"eael-grid-post-excerpt\"><p>City Health Week Date: June 9, 2026 \u2013 July 1, 2026 (including travel days) Location: Trnava, Slovakia Number of participants:...<\/p><a href=\"https:\/\/www.youthforequality.sk\/index.php\/2026\/03\/05\/city-health-week\/\" class=\"eael-post-elements-readmore-btn\">\u010c\u00edtaj viac<\/a><\/div>\n                            <\/div><div class=\"eael-entry-header-after style-two\"><div class=\"eael-entry-meta\"><span class=\"eael-meta-posted-on\"><i class=\"far fa-clock\"><\/i><time datetime=\"5. marca 2026\">5. marca 2026<\/time><\/span><\/div><\/div><\/div><\/div>\n    <\/div>\n<\/article><article class=\"eael-grid-post  eael-post-grid-column eael-pg-post-11046 category-zapoj-sa\" data-id=\"11046\">\n    <div class=\"eael-grid-post-holder\">\n        <div class=\"eael-grid-post-holder-inner\"><div class=\"eael-entry-media\"><div class=\"eael-entry-overlay fade-in\"><i class=\"\" aria-hidden=\"true\"><\/i><a href=\"https:\/\/www.youthforequality.sk\/index.php\/2026\/03\/23\/youth-exchange-prompt-your-future-ai-powered-career-lab\/\"><\/a><\/div><div class=\"eael-entry-thumbnail \">\n                            <img decoding=\"async\" width=\"1024\" height=\"623\" src=\"https:\/\/www.youthforequality.sk\/wp-content\/uploads\/2026\/03\/photo_2026-03-23_12-57-26-1024x623.jpg\" class=\"attachment-large size-large wp-image-11055\" alt=\"\" srcset=\"https:\/\/www.youthforequality.sk\/wp-content\/uploads\/2026\/03\/photo_2026-03-23_12-57-26-1024x623.jpg 1024w, https:\/\/www.youthforequality.sk\/wp-content\/uploads\/2026\/03\/photo_2026-03-23_12-57-26-300x183.jpg 300w, https:\/\/www.youthforequality.sk\/wp-content\/uploads\/2026\/03\/photo_2026-03-23_12-57-26-768x467.jpg 768w, https:\/\/www.youthforequality.sk\/wp-content\/uploads\/2026\/03\/photo_2026-03-23_12-57-26.jpg 1280w\" sizes=\"(max-width: 1024px) 100vw, 1024px\" \/>\n                            <\/div>\n                    <\/div><div class=\"eael-entry-wrapper\"><header class=\"eael-entry-header\"><h2 class=\"eael-entry-title\"><a class=\"eael-grid-post-link\" href=\"https:\/\/www.youthforequality.sk\/index.php\/2026\/03\/23\/youth-exchange-prompt-your-future-ai-powered-career-lab\/\" title=\"Youth Exchange: Prompt Your Future \u2013 AI-Powered Career Lab\">Youth Exchange: Prompt Your Future \u2013 AI-Powered Career Lab<\/a><\/h2><\/header><div class=\"eael-entry-content\">\n                                <div class=\"eael-grid-post-excerpt\"><p>Youth Exchange: Prompt Your Future \u2013 AI-Powered Career Lab Dates: 29 June \u2013 10 July 2026 (including travel days) Location:...<\/p><a href=\"https:\/\/www.youthforequality.sk\/index.php\/2026\/03\/23\/youth-exchange-prompt-your-future-ai-powered-career-lab\/\" class=\"eael-post-elements-readmore-btn\">\u010c\u00edtaj viac<\/a><\/div>\n                            <\/div><div class=\"eael-entry-header-after style-two\"><div class=\"eael-entry-meta\"><span class=\"eael-meta-posted-on\"><i class=\"far fa-clock\"><\/i><time datetime=\"23. marca 2026\">23. marca 2026<\/time><\/span><\/div><\/div><\/div><\/div>\n    <\/div>\n<\/article><article class=\"eael-grid-post  eael-post-grid-column eael-pg-post-11270 category-zapoj-sa\" data-id=\"11270\">\n    <div class=\"eael-grid-post-holder\">\n        <div class=\"eael-grid-post-holder-inner\"><div class=\"eael-entry-media\"><div class=\"eael-entry-overlay fade-in\"><i class=\"\" aria-hidden=\"true\"><\/i><a href=\"https:\/\/www.youthforequality.sk\/index.php\/2026\/04\/10\/soft-skills-for-the-green-job-market-online-workshops\/\"><\/a><\/div><div class=\"eael-entry-thumbnail \">\n                            <img loading=\"lazy\" decoding=\"async\" width=\"819\" height=\"1024\" src=\"https:\/\/www.youthforequality.sk\/wp-content\/uploads\/2026\/04\/Previous-Posts-1-819x1024.png\" class=\"attachment-large size-large wp-image-11280\" alt=\"\" srcset=\"https:\/\/www.youthforequality.sk\/wp-content\/uploads\/2026\/04\/Previous-Posts-1-819x1024.png 819w, https:\/\/www.youthforequality.sk\/wp-content\/uploads\/2026\/04\/Previous-Posts-1-240x300.png 240w, https:\/\/www.youthforequality.sk\/wp-content\/uploads\/2026\/04\/Previous-Posts-1-768x960.png 768w, https:\/\/www.youthforequality.sk\/wp-content\/uploads\/2026\/04\/Previous-Posts-1.png 1080w\" sizes=\"(max-width: 819px) 100vw, 819px\" \/>\n                            <\/div>\n                    <\/div><div class=\"eael-entry-wrapper\"><header class=\"eael-entry-header\"><h2 class=\"eael-entry-title\"><a class=\"eael-grid-post-link\" href=\"https:\/\/www.youthforequality.sk\/index.php\/2026\/04\/10\/soft-skills-for-the-green-job-market-online-workshops\/\" title=\"Soft Skills for the Green Job Market- Online Workshops\">Soft Skills for the Green Job Market- Online Workshops<\/a><\/h2><\/header><div class=\"eael-entry-content\">\n                                <div class=\"eael-grid-post-excerpt\"><p>Si mlad\u00fd \u010dlovek vo veku 16 \u2013 26 rokov, ktor\u00fd si chce zlep\u0161i\u0165 svoje zru\u010dnosti a zv\u00fd\u0161i\u0165 svoje \u0161ance na...<\/p><a href=\"https:\/\/www.youthforequality.sk\/index.php\/2026\/04\/10\/soft-skills-for-the-green-job-market-online-workshops\/\" class=\"eael-post-elements-readmore-btn\">\u010c\u00edtaj viac<\/a><\/div>\n                            <\/div><div class=\"eael-entry-header-after style-two\"><div class=\"eael-entry-meta\"><span class=\"eael-meta-posted-on\"><i class=\"far fa-clock\"><\/i><time datetime=\"10. apr\u00edla 2026\">10. apr\u00edla 2026<\/time><\/span><\/div><\/div><\/div><\/div>\n    <\/div>\n<\/article><article class=\"eael-grid-post  eael-post-grid-column eael-pg-post-11308 category-zapoj-sa\" data-id=\"11308\">\n    <div class=\"eael-grid-post-holder\">\n        <div class=\"eael-grid-post-holder-inner\"><div class=\"eael-entry-media\"><div class=\"eael-entry-overlay fade-in\"><i class=\"\" aria-hidden=\"true\"><\/i><a href=\"https:\/\/www.youthforequality.sk\/index.php\/2026\/04\/22\/youth-exchange-prompt-your-future-ai-powered-career-lab-copy-2\/\"><\/a><\/div><div class=\"eael-entry-thumbnail \">\n                            <img loading=\"lazy\" decoding=\"async\" width=\"1024\" height=\"624\" src=\"https:\/\/www.youthforequality.sk\/wp-content\/uploads\/2026\/04\/Website-Covers-1024x624.png\" class=\"attachment-large size-large wp-image-11309\" alt=\"\" srcset=\"https:\/\/www.youthforequality.sk\/wp-content\/uploads\/2026\/04\/Website-Covers-1024x624.png 1024w, https:\/\/www.youthforequality.sk\/wp-content\/uploads\/2026\/04\/Website-Covers-300x183.png 300w, https:\/\/www.youthforequality.sk\/wp-content\/uploads\/2026\/04\/Website-Covers-768x468.png 768w, https:\/\/www.youthforequality.sk\/wp-content\/uploads\/2026\/04\/Website-Covers-1536x936.png 1536w, https:\/\/www.youthforequality.sk\/wp-content\/uploads\/2026\/04\/Website-Covers.png 1576w\" sizes=\"(max-width: 1024px) 100vw, 1024px\" \/>\n                            <\/div>\n                    <\/div><div class=\"eael-entry-wrapper\"><header class=\"eael-entry-header\"><h2 class=\"eael-entry-title\"><a class=\"eael-grid-post-link\" href=\"https:\/\/www.youthforequality.sk\/index.php\/2026\/04\/22\/youth-exchange-prompt-your-future-ai-powered-career-lab-copy-2\/\" title=\"Migrant Lisa: The Portrait of Today\u2019s Europe\">Migrant Lisa: The Portrait of Today\u2019s Europe<\/a><\/h2><\/header><div class=\"eael-entry-content\">\n                                <div class=\"eael-grid-post-excerpt\"><p>Open Call: Erasmus+ Youth Exchange \u201cMigrant Lisa: The Portrait of Today\u2019s Europe\u201d We are looking for motivated young people to...<\/p><a href=\"https:\/\/www.youthforequality.sk\/index.php\/2026\/04\/22\/youth-exchange-prompt-your-future-ai-powered-career-lab-copy-2\/\" class=\"eael-post-elements-readmore-btn\">\u010c\u00edtaj viac<\/a><\/div>\n                            <\/div><div class=\"eael-entry-header-after style-two\"><div class=\"eael-entry-meta\"><span class=\"eael-meta-posted-on\"><i class=\"far fa-clock\"><\/i><time datetime=\"22. apr\u00edla 2026\">22. apr\u00edla 2026<\/time><\/span><\/div><\/div><\/div><\/div>\n    <\/div>\n<\/article><\/div>\n            <div class=\"clearfix\"><\/div>\n        <\/div>\t\t\t\t<\/div>\n\t\t\t\t<\/div>\n\t\t\t\t\t<\/div>\n\t\t<\/div>\n\t\t\t\t\t<\/div>\n\t\t<\/section>\n\t\t\t\t<\/div>\n\t\t","protected":false},"excerpt":{"rendered":"<p>H\u013ead\u00e1me \u00fa\u010dastn\u00edkov ESC Volunteering Opportunity in Trnava YOUNG LEADERS \u2013 ESC Volunteering Opportunity in Trnava (Slovakia) We are looking for 2 young people aged 18-30! Where: Trnava,&#8230; \u010c\u00edtaj viac 3. October 2025<\/p>\n","protected":false},"author":2,"featured_media":14,"parent":0,"menu_order":0,"comment_status":"closed","ping_status":"closed","template":"elementor_header_footer","meta":{"_uf_show_specific_survey":0,"_uf_disable_surveys":false,"neve_meta_sidebar":"","neve_meta_container":"","neve_meta_enable_content_width":"","neve_meta_content_width":0,"neve_meta_title_alignment":"","neve_meta_author_avatar":"","neve_post_elements_order":"","neve_meta_disable_header":"","neve_meta_disable_footer":"","neve_meta_disable_title":"","_themeisle_gutenberg_block_has_review":false,"footnotes":""},"categories":[],"tags":[],"class_list":["post-4872","page","type-page","status-publish","has-post-thumbnail","hentry"],"yoast_head":"<!-- This site is optimized with the Yoast SEO plugin v27.4 - https:\/\/yoast.com\/product\/yoast-seo-wordpress\/ -->\n<title>Zapoj sa |<\/title>\n<meta name=\"robots\" content=\"index, follow, max-snippet:-1, max-image-preview:large, max-video-preview:-1\" \/>\n<link rel=\"canonical\" href=\"https:\/\/www.youthforequality.sk\/index.php\/hlademe\/\" \/>\n<meta property=\"og:locale\" content=\"sk_SK\" \/>\n<meta property=\"og:type\" content=\"article\" \/>\n<meta property=\"og:title\" content=\"Zapoj sa |\" \/>\n<meta property=\"og:description\" content=\"H\u013ead\u00e1me \u00fa\u010dastn\u00edkov ESC Volunteering Opportunity in Trnava YOUNG LEADERS \u2013 ESC Volunteering Opportunity in Trnava (Slovakia) We are looking for 2 young people aged 18-30! Where: Trnava,&#8230; \u010c\u00edtaj viac 3. October 2025\" \/>\n<meta property=\"og:url\" content=\"https:\/\/www.youthforequality.sk\/index.php\/hlademe\/\" \/>\n<meta property=\"article:publisher\" content=\"https:\/\/www.facebook.com\/yeslovakia\" \/>\n<meta property=\"article:modified_time\" content=\"2025-11-12T11:56:14+00:00\" \/>\n<meta property=\"og:image\" content=\"https:\/\/www.youthforequality.sk\/wp-content\/uploads\/2020\/04\/Young-People-Working-scaled.jpg\" \/>\n\t<meta property=\"og:image:width\" content=\"2560\" \/>\n\t<meta property=\"og:image:height\" content=\"1706\" \/>\n\t<meta property=\"og:image:type\" content=\"image\/jpeg\" \/>\n<meta name=\"twitter:card\" content=\"summary_large_image\" \/>\n<meta name=\"twitter:label1\" content=\"Predpokladan\u00fd \u010das \u010d\u00edtania\" \/>\n\t<meta name=\"twitter:data1\" content=\"1 min\u00fata\" \/>\n<script type=\"application\/ld+json\" class=\"yoast-schema-graph\">{\"@context\":\"https:\\\/\\\/schema.org\",\"@graph\":[{\"@type\":\"WebPage\",\"@id\":\"https:\\\/\\\/www.youthforequality.sk\\\/index.php\\\/hlademe\\\/\",\"url\":\"https:\\\/\\\/www.youthforequality.sk\\\/index.php\\\/hlademe\\\/\",\"name\":\"Zapoj sa |\",\"isPartOf\":{\"@id\":\"https:\\\/\\\/www.youthforequality.sk\\\/#website\"},\"primaryImageOfPage\":{\"@id\":\"https:\\\/\\\/www.youthforequality.sk\\\/index.php\\\/hlademe\\\/#primaryimage\"},\"image\":{\"@id\":\"https:\\\/\\\/www.youthforequality.sk\\\/index.php\\\/hlademe\\\/#primaryimage\"},\"thumbnailUrl\":\"https:\\\/\\\/www.youthforequality.sk\\\/wp-content\\\/uploads\\\/2020\\\/04\\\/Young-People-Working-scaled.jpg\",\"datePublished\":\"2023-03-07T15:24:59+00:00\",\"dateModified\":\"2025-11-12T11:56:14+00:00\",\"breadcrumb\":{\"@id\":\"https:\\\/\\\/www.youthforequality.sk\\\/index.php\\\/hlademe\\\/#breadcrumb\"},\"inLanguage\":\"sk-SK\",\"potentialAction\":[{\"@type\":\"ReadAction\",\"target\":[\"https:\\\/\\\/www.youthforequality.sk\\\/index.php\\\/hlademe\\\/\"]}]},{\"@type\":\"ImageObject\",\"inLanguage\":\"sk-SK\",\"@id\":\"https:\\\/\\\/www.youthforequality.sk\\\/index.php\\\/hlademe\\\/#primaryimage\",\"url\":\"https:\\\/\\\/www.youthforequality.sk\\\/wp-content\\\/uploads\\\/2020\\\/04\\\/Young-People-Working-scaled.jpg\",\"contentUrl\":\"https:\\\/\\\/www.youthforequality.sk\\\/wp-content\\\/uploads\\\/2020\\\/04\\\/Young-People-Working-scaled.jpg\",\"width\":2560,\"height\":1706},{\"@type\":\"BreadcrumbList\",\"@id\":\"https:\\\/\\\/www.youthforequality.sk\\\/index.php\\\/hlademe\\\/#breadcrumb\",\"itemListElement\":[{\"@type\":\"ListItem\",\"position\":1,\"name\":\"Home\",\"item\":\"https:\\\/\\\/www.youthforequality.sk\\\/\"},{\"@type\":\"ListItem\",\"position\":2,\"name\":\"Zapoj sa\"}]},{\"@type\":\"WebSite\",\"@id\":\"https:\\\/\\\/www.youthforequality.sk\\\/#website\",\"url\":\"https:\\\/\\\/www.youthforequality.sk\\\/\",\"name\":\"\",\"description\":\"\",\"publisher\":{\"@id\":\"https:\\\/\\\/www.youthforequality.sk\\\/#organization\"},\"potentialAction\":[{\"@type\":\"SearchAction\",\"target\":{\"@type\":\"EntryPoint\",\"urlTemplate\":\"https:\\\/\\\/www.youthforequality.sk\\\/?s={search_term_string}\"},\"query-input\":{\"@type\":\"PropertyValueSpecification\",\"valueRequired\":true,\"valueName\":\"search_term_string\"}}],\"inLanguage\":\"sk-SK\"},{\"@type\":\"Organization\",\"@id\":\"https:\\\/\\\/www.youthforequality.sk\\\/#organization\",\"name\":\"Youth for Equality\",\"url\":\"https:\\\/\\\/www.youthforequality.sk\\\/\",\"logo\":{\"@type\":\"ImageObject\",\"inLanguage\":\"sk-SK\",\"@id\":\"https:\\\/\\\/www.youthforequality.sk\\\/#\\\/schema\\\/logo\\\/image\\\/\",\"url\":\"https:\\\/\\\/www.youthforequality.sk\\\/wp-content\\\/uploads\\\/2021\\\/01\\\/vynovene-logo-nove-farby_modra-na-web.png\",\"contentUrl\":\"https:\\\/\\\/www.youthforequality.sk\\\/wp-content\\\/uploads\\\/2021\\\/01\\\/vynovene-logo-nove-farby_modra-na-web.png\",\"width\":1,\"height\":1,\"caption\":\"Youth for Equality\"},\"image\":{\"@id\":\"https:\\\/\\\/www.youthforequality.sk\\\/#\\\/schema\\\/logo\\\/image\\\/\"},\"sameAs\":[\"https:\\\/\\\/www.facebook.com\\\/yeslovakia\"]}]}<\/script>\n<!-- \/ Yoast SEO plugin. -->","yoast_head_json":{"title":"Zapoj sa |","robots":{"index":"index","follow":"follow","max-snippet":"max-snippet:-1","max-image-preview":"max-image-preview:large","max-video-preview":"max-video-preview:-1"},"canonical":"https:\/\/www.youthforequality.sk\/index.php\/hlademe\/","og_locale":"sk_SK","og_type":"article","og_title":"Zapoj sa |","og_description":"H\u013ead\u00e1me \u00fa\u010dastn\u00edkov ESC Volunteering Opportunity in Trnava YOUNG LEADERS \u2013 ESC Volunteering Opportunity in Trnava (Slovakia) We are looking for 2 young people aged 18-30! Where: Trnava,&#8230; \u010c\u00edtaj viac 3. October 2025","og_url":"https:\/\/www.youthforequality.sk\/index.php\/hlademe\/","article_publisher":"https:\/\/www.facebook.com\/yeslovakia","article_modified_time":"2025-11-12T11:56:14+00:00","og_image":[{"width":2560,"height":1706,"url":"https:\/\/www.youthforequality.sk\/wp-content\/uploads\/2020\/04\/Young-People-Working-scaled.jpg","type":"image\/jpeg"}],"twitter_card":"summary_large_image","twitter_misc":{"Predpokladan\u00fd \u010das \u010d\u00edtania":"1 min\u00fata"},"schema":{"@context":"https:\/\/schema.org","@graph":[{"@type":"WebPage","@id":"https:\/\/www.youthforequality.sk\/index.php\/hlademe\/","url":"https:\/\/www.youthforequality.sk\/index.php\/hlademe\/","name":"Zapoj sa |","isPartOf":{"@id":"https:\/\/www.youthforequality.sk\/#website"},"primaryImageOfPage":{"@id":"https:\/\/www.youthforequality.sk\/index.php\/hlademe\/#primaryimage"},"image":{"@id":"https:\/\/www.youthforequality.sk\/index.php\/hlademe\/#primaryimage"},"thumbnailUrl":"https:\/\/www.youthforequality.sk\/wp-content\/uploads\/2020\/04\/Young-People-Working-scaled.jpg","datePublished":"2023-03-07T15:24:59+00:00","dateModified":"2025-11-12T11:56:14+00:00","breadcrumb":{"@id":"https:\/\/www.youthforequality.sk\/index.php\/hlademe\/#breadcrumb"},"inLanguage":"sk-SK","potentialAction":[{"@type":"ReadAction","target":["https:\/\/www.youthforequality.sk\/index.php\/hlademe\/"]}]},{"@type":"ImageObject","inLanguage":"sk-SK","@id":"https:\/\/www.youthforequality.sk\/index.php\/hlademe\/#primaryimage","url":"https:\/\/www.youthforequality.sk\/wp-content\/uploads\/2020\/04\/Young-People-Working-scaled.jpg","contentUrl":"https:\/\/www.youthforequality.sk\/wp-content\/uploads\/2020\/04\/Young-People-Working-scaled.jpg","width":2560,"height":1706},{"@type":"BreadcrumbList","@id":"https:\/\/www.youthforequality.sk\/index.php\/hlademe\/#breadcrumb","itemListElement":[{"@type":"ListItem","position":1,"name":"Home","item":"https:\/\/www.youthforequality.sk\/"},{"@type":"ListItem","position":2,"name":"Zapoj sa"}]},{"@type":"WebSite","@id":"https:\/\/www.youthforequality.sk\/#website","url":"https:\/\/www.youthforequality.sk\/","name":"","description":"","publisher":{"@id":"https:\/\/www.youthforequality.sk\/#organization"},"potentialAction":[{"@type":"SearchAction","target":{"@type":"EntryPoint","urlTemplate":"https:\/\/www.youthforequality.sk\/?s={search_term_string}"},"query-input":{"@type":"PropertyValueSpecification","valueRequired":true,"valueName":"search_term_string"}}],"inLanguage":"sk-SK"},{"@type":"Organization","@id":"https:\/\/www.youthforequality.sk\/#organization","name":"Youth for Equality","url":"https:\/\/www.youthforequality.sk\/","logo":{"@type":"ImageObject","inLanguage":"sk-SK","@id":"https:\/\/www.youthforequality.sk\/#\/schema\/logo\/image\/","url":"https:\/\/www.youthforequality.sk\/wp-content\/uploads\/2021\/01\/vynovene-logo-nove-farby_modra-na-web.png","contentUrl":"https:\/\/www.youthforequality.sk\/wp-content\/uploads\/2021\/01\/vynovene-logo-nove-farby_modra-na-web.png","width":1,"height":1,"caption":"Youth for Equality"},"image":{"@id":"https:\/\/www.youthforequality.sk\/#\/schema\/logo\/image\/"},"sameAs":["https:\/\/www.facebook.com\/yeslovakia"]}]}},"_links":{"self":[{"href":"https:\/\/www.youthforequality.sk\/index.php\/wp-json\/wp\/v2\/pages\/4872","targetHints":{"allow":["GET"]}}],"collection":[{"href":"https:\/\/www.youthforequality.sk\/index.php\/wp-json\/wp\/v2\/pages"}],"about":[{"href":"https:\/\/www.youthforequality.sk\/index.php\/wp-json\/wp\/v2\/types\/page"}],"author":[{"embeddable":true,"href":"https:\/\/www.youthforequality.sk\/index.php\/wp-json\/wp\/v2\/users\/2"}],"replies":[{"embeddable":true,"href":"https:\/\/www.youthforequality.sk\/index.php\/wp-json\/wp\/v2\/comments?post=4872"}],"version-history":[{"count":44,"href":"https:\/\/www.youthforequality.sk\/index.php\/wp-json\/wp\/v2\/pages\/4872\/revisions"}],"predecessor-version":[{"id":10953,"href":"https:\/\/www.youthforequality.sk\/index.php\/wp-json\/wp\/v2\/pages\/4872\/revisions\/10953"}],"wp:featuredmedia":[{"embeddable":true,"href":"https:\/\/www.youthforequality.sk\/index.php\/wp-json\/wp\/v2\/media\/14"}],"wp:attachment":[{"href":"https:\/\/www.youthforequality.sk\/index.php\/wp-json\/wp\/v2\/media?parent=4872"}],"wp:term":[{"taxonomy":"category","embeddable":true,"href":"https:\/\/www.youthforequality.sk\/index.php\/wp-json\/wp\/v2\/categories?post=4872"},{"taxonomy":"post_tag","embeddable":true,"href":"https:\/\/www.youthforequality.sk\/index.php\/wp-json\/wp\/v2\/tags?post=4872"}],"curies":[{"name":"wp","href":"https:\/\/api.w.org\/{rel}","templated":true}]}}